{"id":33991,"date":"2024-05-07T15:08:38","date_gmt":"2024-05-07T13:08:38","guid":{"rendered":"https:\/\/www.idisantiago.es\/?post_type=tribe_events&#038;p=33991"},"modified":"2024-05-08T07:58:39","modified_gmt":"2024-05-08T05:58:39","slug":"reunion-biomarcadores-en-el-seguimiento-de-la-em-2","status":"publish","type":"tribe_events","link":"https:\/\/www.idisantiago.es\/en\/event\/reunion-biomarcadores-en-el-seguimiento-de-la-em-2\/","title":{"rendered":"REUNI\u00d3N Biomarcadores en el seguimiento de la EM"},"content":{"rendered":"<p><strong>15 de mayo de 2024 &#8211; <b>17:00 h &#8211; 20<\/b><b>:00 h.<\/b><\/strong><\/p>\n<p><b>Aula 10, Planta 1. Pabell\u00f3n Docente N\u00f3voa Santos<\/b><\/p>\n<p><u>Modera<\/u>: Dr. JM Prieto Gonz\u00e1lez<\/p>\n<p>17.00-17.30. Aplicaci\u00f3n del SIMOA en Neurolog\u00eda<br \/>\nDr. Roberto Agis Balboa. Instituto de Investigaci\u00f3n Sanitaria de Santiago<\/p>\n<p>17.45-18.15. Neurofilamentos de la EM<br \/>\nDr. Jos\u00e9 M\u00aa Prieto. Complejo Hospitalario Universitario de Santiago<\/p>\n<p>18.30-19.00. GFAP en la EM<br \/>\nDr. Jos\u00e9 M\u00aa Prieto. Complejo Hospitalario Universitario de Santiago<\/p>\n<p>19.15-19.30. DISCUSI\u00d3N<\/p>\n<p>19.30. Conclusiones y cierre<br \/>\nDr. Jos\u00e9 M\u00aa Prieto Gonz\u00e1lez. Complejo Hospitalario Universitario de Santiago<\/p>\n<p><strong>Consulta el cartel de la jornada <a href=\"https:\/\/www.idisantiago.es\/wp-content\/uploads\/2024\/05\/JornadaInformativa.Biomarcadores.2024.05.15.pdf\"><span style=\"color: #808000;\">aqu\u00ed.<\/span><\/a><\/strong><\/p>\n<p><strong>Puedes seguirla de forma online <a href=\"https:\/\/us06web.zoom.us\/j\/85926875407?pwd=waakkqAwsLJLshWu8o5nucSXVczW2z.1\"><span style=\"color: #808000;\">aqu\u00ed.<\/span><\/a><\/strong><\/p>\n","protected":false},"excerpt":{"rendered":"<p>15 de mayo de 2024 &#8211; 17:00 h &#8211; 20:00 h. Aula 10, Planta 1. Pabell\u00f3n Docente N\u00f3voa Santos Modera: Dr. JM Prieto Gonz\u00e1lez 17.00-17.30. Aplicaci\u00f3n del SIMOA en Neurolog\u00eda [&hellip;]<\/p>\n","protected":false},"author":12,"featured_media":33985,"template":"","meta":{"_et_pb_use_builder":"","_et_pb_old_content":"","_et_gb_content_width":"","inline_featured_image":false,"_tribe_events_status":"","_tribe_events_status_reason":"","footnotes":""},"tags":[],"tribe_events_cat":[495],"class_list":["post-33991","tribe_events","type-tribe_events","status-publish","has-post-thumbnail","hentry","tribe_events_cat-formacion","cat_formacion"],"publishpress_future_workflow_manual_trigger":{"enabledWorkflows":[]},"_links":{"self":[{"href":"https:\/\/www.idisantiago.es\/en\/wp-json\/wp\/v2\/tribe_events\/33991","targetHints":{"allow":["GET"]}}],"collection":[{"href":"https:\/\/www.idisantiago.es\/en\/wp-json\/wp\/v2\/tribe_events"}],"about":[{"href":"https:\/\/www.idisantiago.es\/en\/wp-json\/wp\/v2\/types\/tribe_events"}],"author":[{"embeddable":true,"href":"https:\/\/www.idisantiago.es\/en\/wp-json\/wp\/v2\/users\/12"}],"version-history":[{"count":3,"href":"https:\/\/www.idisantiago.es\/en\/wp-json\/wp\/v2\/tribe_events\/33991\/revisions"}],"predecessor-version":[{"id":34006,"href":"https:\/\/www.idisantiago.es\/en\/wp-json\/wp\/v2\/tribe_events\/33991\/revisions\/34006"}],"wp:featuredmedia":[{"embeddable":true,"href":"https:\/\/www.idisantiago.es\/en\/wp-json\/wp\/v2\/media\/33985"}],"wp:attachment":[{"href":"https:\/\/www.idisantiago.es\/en\/wp-json\/wp\/v2\/media?parent=33991"}],"wp:term":[{"taxonomy":"post_tag","embeddable":true,"href":"https:\/\/www.idisantiago.es\/en\/wp-json\/wp\/v2\/tags?post=33991"},{"taxonomy":"tribe_events_cat","embeddable":true,"href":"https:\/\/www.idisantiago.es\/en\/wp-json\/wp\/v2\/tribe_events_cat?post=33991"}],"curies":[{"name":"wp","href":"https:\/\/api.w.org\/{rel}","templated":true}]}}

REUNIÓN Biomarcadores en el seguimiento de la EM

<p><strong>15 de mayo de 2024 &#8211; <b>17:00 h &#8211; 20</b><b>:00 h.</b></strong></p>
<p><b>Aula 10, Planta 1. Pabellón Docente Nóvoa Santos</b></p>
<p><u>Modera</u>: Dr. JM Prieto González</p>
<p>17.00-17.30. Aplicación del SIMOA en Neurología<br />
Dr. Roberto Agis Balboa. Instituto de Investigación Sanitaria de Santiago</p>
<p>17.45-18.15. Neurofilamentos de la EM<br />
Dr. José Mª Prieto. Complejo Hospitalario Universitario de Santiago</p>
<p>18.30-19.00. GFAP en la EM<br />
Dr. José Mª Prieto. Complejo Hospitalario Universitario de Santiago</p>
<p>19.15-19.30. DISCUSIÓN</p>
<p>19.30. Conclusiones y cierre<br />
Dr. José Mª Prieto González. Complejo Hospitalario Universitario de Santiago</p>
<p><strong>Consulta el cartel de la jornada <a href="https://www.idisantiago.es/wp-content/uploads/2024/05/JornadaInformativa.Biomarcadores.2024.05.15.pdf"><span style="color: #808000;">aquí.</span></a></strong></p>
<p><strong>Puedes seguirla de forma online <a href="https://us06web.zoom.us/j/85926875407?pwd=waakkqAwsLJLshWu8o5nucSXVczW2z.1"><span style="color: #808000;">aquí.</span></a></strong></p>

<p>15 de mayo de 2024 &#8211; 17:00 h &#8211; 20:00 h. Aula 10, Planta 1. Pabellón Docente Nóvoa Santos Modera: Dr. JM Prieto González 17.00-17.30. Aplicación del SIMOA en Neurología [&hellip;]</p>
