{"id":40005,"date":"2025-05-21T12:48:44","date_gmt":"2025-05-21T10:48:44","guid":{"rendered":"https:\/\/www.idisantiago.es\/?post_type=tribe_events&#038;p=40005"},"modified":"2025-07-07T14:02:37","modified_gmt":"2025-07-07T12:02:37","slug":"encuentro-con-eduardo-saenz-de-cabezon","status":"publish","type":"tribe_events","link":"https:\/\/www.idisantiago.es\/en\/event\/encuentro-con-eduardo-saenz-de-cabezon\/","title":{"rendered":"Encuentro con Eduardo S\u00e1enz de Cabez\u00f3n"},"content":{"rendered":"<p>El IDIS se complace en informaros que el divulgador Eduardo S\u00e1enz de Cabez\u00f3n, presentador del programa <em>\u00d3rbita Laika<\/em> y creador del canal de Youtube <em>Derivando<\/em> nos visitar\u00e1 el pr\u00f3ximo 12 de junio.<\/p>\n<p>Este Encuentro constituye la sesi\u00f3n inaugural de un ciclo formativo en comunicaci\u00f3n cient\u00edfica organizada por la UCC+i del IDIS que tendr\u00e1 lugar a lo largo del \u00faltimo cuatrimestre de este a\u00f1o 2025 y del que pr\u00f3ximamente se difundir\u00e1 m\u00e1s informaci\u00f3n.<\/p>\n<p>El evento es gratuito y se celebrar\u00e1 en el Sal\u00f3n de Actos del Hospital Cl\u00ednico Universitario de Santiago. El acto estar\u00e1 presentado por la directora de FIDIS, Isabel Lista. A continuaci\u00f3n, Eduardo S\u00e1enz de Cabez\u00f3n nos presentar\u00e1 su charla titulada &#8220;Divulgaci\u00f3n del trampol\u00edn&#8221;, seguida de un coloquio y un c\u00f3ctel para los asistentes.<\/p>\n<p>Puedes descargar el cartel de la jornada <a href=\"https:\/\/www.idisantiago.es\/wp-content\/uploads\/2025\/05\/workshop.pdf\"><span style=\"color: #808000;\"><strong>aqu\u00ed<\/strong><\/span>.<\/a><\/p>\n<p>Necesario inscripci\u00f3n (disponibles hasta completar aforo).<\/p>\n<p><p><\/p>\r\n<p style=\"text-align:center\"><strong>EL PLAZO DE INSCRIPCI\u00d3N EST\u00c1 CERRADO<\/strong><\/p><\/p>\n","protected":false},"excerpt":{"rendered":"<p>El IDIS se complace en informaros que el divulgador Eduardo S\u00e1enz de Cabez\u00f3n, presentador del programa \u00d3rbita Laika y creador del canal de Youtube Derivando nos visitar\u00e1 el pr\u00f3ximo 12 [&hellip;]<\/p>\n","protected":false},"author":14,"featured_media":40069,"template":"","meta":{"_et_pb_use_builder":"","_et_pb_old_content":"","_et_gb_content_width":"","inline_featured_image":false,"_tribe_events_status":"","_tribe_events_status_reason":"","footnotes":""},"tags":[],"tribe_events_cat":[495,535,608,885],"class_list":["post-40005","tribe_events","type-tribe_events","status-publish","has-post-thumbnail","hentry","tribe_events_cat-formacion","tribe_events_cat-general","tribe_events_cat-divulgacion","tribe_events_cat-divulgacion-ucci","cat_formacion","cat_general","cat_divulgacion","cat_divulgacion-ucci"],"publishpress_future_workflow_manual_trigger":{"enabledWorkflows":[]},"_links":{"self":[{"href":"https:\/\/www.idisantiago.es\/en\/wp-json\/wp\/v2\/tribe_events\/40005","targetHints":{"allow":["GET"]}}],"collection":[{"href":"https:\/\/www.idisantiago.es\/en\/wp-json\/wp\/v2\/tribe_events"}],"about":[{"href":"https:\/\/www.idisantiago.es\/en\/wp-json\/wp\/v2\/types\/tribe_events"}],"author":[{"embeddable":true,"href":"https:\/\/www.idisantiago.es\/en\/wp-json\/wp\/v2\/users\/14"}],"version-history":[{"count":6,"href":"https:\/\/www.idisantiago.es\/en\/wp-json\/wp\/v2\/tribe_events\/40005\/revisions"}],"predecessor-version":[{"id":40068,"href":"https:\/\/www.idisantiago.es\/en\/wp-json\/wp\/v2\/tribe_events\/40005\/revisions\/40068"}],"wp:featuredmedia":[{"embeddable":true,"href":"https:\/\/www.idisantiago.es\/en\/wp-json\/wp\/v2\/media\/40069"}],"wp:attachment":[{"href":"https:\/\/www.idisantiago.es\/en\/wp-json\/wp\/v2\/media?parent=40005"}],"wp:term":[{"taxonomy":"post_tag","embeddable":true,"href":"https:\/\/www.idisantiago.es\/en\/wp-json\/wp\/v2\/tags?post=40005"},{"taxonomy":"tribe_events_cat","embeddable":true,"href":"https:\/\/www.idisantiago.es\/en\/wp-json\/wp\/v2\/tribe_events_cat?post=40005"}],"curies":[{"name":"wp","href":"https:\/\/api.w.org\/{rel}","templated":true}]}}

Encuentro con Eduardo Sáenz de Cabezón

<p>El IDIS se complace en informaros que el divulgador Eduardo Sáenz de Cabezón, presentador del programa <em>Órbita Laika</em> y creador del canal de Youtube <em>Derivando</em> nos visitará el próximo 12 de junio.</p>
<p>Este Encuentro constituye la sesión inaugural de un ciclo formativo en comunicación científica organizada por la UCC+i del IDIS que tendrá lugar a lo largo del último cuatrimestre de este año 2025 y del que próximamente se difundirá más información.</p>
<p>El evento es gratuito y se celebrará en el Salón de Actos del Hospital Clínico Universitario de Santiago. El acto estará presentado por la directora de FIDIS, Isabel Lista. A continuación, Eduardo Sáenz de Cabezón nos presentará su charla titulada &#8220;Divulgación del trampolín&#8221;, seguida de un coloquio y un cóctel para los asistentes.</p>
<p>Puedes descargar el cartel de la jornada <a href="https://www.idisantiago.es/wp-content/uploads/2025/05/workshop.pdf"><span style="color: #808000;"><strong>aquí</strong></span>.</a></p>
<p>Necesario inscripción (disponibles hasta completar aforo).</p>
<p><p></p>
<p style="text-align:center"><strong>EL PLAZO DE INSCRIPCIÓN ESTÁ CERRADO</strong></p></p>

<p>El IDIS se complace en informaros que el divulgador Eduardo Sáenz de Cabezón, presentador del programa Órbita Laika y creador del canal de Youtube Derivando nos visitará el próximo 12 [&hellip;]</p>
