{"id":49512,"date":"2026-09-03T13:09:26","date_gmt":"2026-09-03T11:09:26","guid":{"rendered":"https:\/\/www.idisantiago.es\/?post_type=tribe_events&#038;p=49512"},"modified":"2026-09-03T13:16:03","modified_gmt":"2026-09-03T11:16:03","slug":"g-night-2026","status":"publish","type":"tribe_events","link":"https:\/\/www.idisantiago.es\/en\/event\/g-night-2026\/","title":{"rendered":"G-Night 2026"},"content":{"rendered":"<p>El pr\u00f3ximo <strong>viernes, 25 de septiembre<\/strong>, el <strong>Claustro del Colegio de Fonseca (R\u00faa do Franco s\/n, Santiago de Compostela)<\/strong> se convertir\u00e1 en el espacio para acercar la ciencia a la ciudadan\u00eda. Desde las <strong>18:00 h hasta las 21:00 h<\/strong>, el p\u00fablico general podr\u00e1 disfrutar de talleres interactivos organizados por diferentes centros de investigaci\u00f3n, como el CITIUS, el CIMUS y el IDIS, entre otros.<\/p>\n<p>Este a\u00f1o, el <strong>Instituto de Investigaci\u00f3n Sanitaria de Santiago de Compostela <\/strong>participa con el taller:<\/p>\n<p><span style=\"color: #000080;\"><strong><em>Descubriendo la biomedicina: la ciencia que transforma la salud<\/em><\/strong><\/span><\/p>\n<p>Mediante actividades din\u00e1micas y explicaciones accesibles, mostraremos c\u00f3mo la biomedicina combina biolog\u00eda, medicina y tecnolog\u00eda avanzada para revolucionar la prevenci\u00f3n, el diagn\u00f3stico y el tratamiento de enfermedades. Una oportunidad \u00fanica para experimentar, aprender y comprender c\u00f3mo la investigaci\u00f3n que realizamos en el IDIS contribuye a mejorar la calidad de vida de las personas.<\/p>\n<p>\ud83d\udccd <strong>Lugar<\/strong>: Claustro del Colegio de Fonseca, Santiago de Compostela<br \/>\n\ud83d\udd55 <strong>Horario<\/strong>: de 18:00 a 21:00 h<br \/>\n\ud83d\udc65 <strong>P\u00fablico<\/strong>: general, acceso libre<\/p>\n<p><strong>Organizan:<\/strong> Universidad de Santiago de Compostela, IDIS, CITMAga e INCIPIT<\/p>\n<p>Para m\u00e1s informaci\u00f3n, puedes consultar la p\u00e1gina web del evento <span style=\"color: #3366ff;\"><a style=\"color: #3366ff;\" href=\"https:\/\/gnight.gal\/obradoiros-no-claustro-do-colexio-fonseca\/\"><strong>aqu\u00ed<\/strong><\/a>.\u00a0<\/span><\/p>\n","protected":false},"excerpt":{"rendered":"<p>El pr\u00f3ximo viernes, 25 de septiembre, el Claustro del Colegio de Fonseca (R\u00faa do Franco s\/n, Santiago de Compostela) se convertir\u00e1 en el espacio para acercar la ciencia a la [&hellip;]<\/p>\n","protected":false},"author":6,"featured_media":49513,"template":"","meta":{"_et_pb_use_builder":"","_et_pb_old_content":"","_et_gb_content_width":"","inline_featured_image":false,"_tribe_events_status":"","_tribe_events_status_reason":"","footnotes":""},"tags":[],"tribe_events_cat":[495,535,608,885],"class_list":["post-49512","tribe_events","type-tribe_events","status-publish","has-post-thumbnail","hentry","tribe_events_cat-formacion","tribe_events_cat-general","tribe_events_cat-divulgacion","tribe_events_cat-divulgacion-ucci","cat_formacion","cat_general","cat_divulgacion","cat_divulgacion-ucci"],"publishpress_future_workflow_manual_trigger":{"enabledWorkflows":[]},"_links":{"self":[{"href":"https:\/\/www.idisantiago.es\/en\/wp-json\/wp\/v2\/tribe_events\/49512","targetHints":{"allow":["GET"]}}],"collection":[{"href":"https:\/\/www.idisantiago.es\/en\/wp-json\/wp\/v2\/tribe_events"}],"about":[{"href":"https:\/\/www.idisantiago.es\/en\/wp-json\/wp\/v2\/types\/tribe_events"}],"author":[{"embeddable":true,"href":"https:\/\/www.idisantiago.es\/en\/wp-json\/wp\/v2\/users\/6"}],"version-history":[{"count":1,"href":"https:\/\/www.idisantiago.es\/en\/wp-json\/wp\/v2\/tribe_events\/49512\/revisions"}],"predecessor-version":[{"id":49516,"href":"https:\/\/www.idisantiago.es\/en\/wp-json\/wp\/v2\/tribe_events\/49512\/revisions\/49516"}],"wp:featuredmedia":[{"embeddable":true,"href":"https:\/\/www.idisantiago.es\/en\/wp-json\/wp\/v2\/media\/49513"}],"wp:attachment":[{"href":"https:\/\/www.idisantiago.es\/en\/wp-json\/wp\/v2\/media?parent=49512"}],"wp:term":[{"taxonomy":"post_tag","embeddable":true,"href":"https:\/\/www.idisantiago.es\/en\/wp-json\/wp\/v2\/tags?post=49512"},{"taxonomy":"tribe_events_cat","embeddable":true,"href":"https:\/\/www.idisantiago.es\/en\/wp-json\/wp\/v2\/tribe_events_cat?post=49512"}],"curies":[{"name":"wp","href":"https:\/\/api.w.org\/{rel}","templated":true}]}}

<p>El próximo <strong>viernes, 25 de septiembre</strong>, el <strong>Claustro del Colegio de Fonseca (Rúa do Franco s/n, Santiago de Compostela)</strong> se convertirá en el espacio para acercar la ciencia a la ciudadanía. Desde las <strong>18:00 h hasta las 21:00 h</strong>, el público general podrá disfrutar de talleres interactivos organizados por diferentes centros de investigación, como el CITIUS, el CIMUS y el IDIS, entre otros.</p>
<p>Este año, el <strong>Instituto de Investigación Sanitaria de Santiago de Compostela </strong>participa con el taller:</p>
<p><span style="color: #000080;"><strong><em>Descubriendo la biomedicina: la ciencia que transforma la salud</em></strong></span></p>
<p>Mediante actividades dinámicas y explicaciones accesibles, mostraremos cómo la biomedicina combina biología, medicina y tecnología avanzada para revolucionar la prevención, el diagnóstico y el tratamiento de enfermedades. Una oportunidad única para experimentar, aprender y comprender cómo la investigación que realizamos en el IDIS contribuye a mejorar la calidad de vida de las personas.</p>
<p>📍 <strong>Lugar</strong>: Claustro del Colegio de Fonseca, Santiago de Compostela<br />
🕕 <strong>Horario</strong>: de 18:00 a 21:00 h<br />
👥 <strong>Público</strong>: general, acceso libre</p>
<p><strong>Organizan:</strong> Universidad de Santiago de Compostela, IDIS, CITMAga e INCIPIT</p>
<p>Para más información, puedes consultar la página web del evento <span style="color: #3366ff;"><a style="color: #3366ff;" href="https://gnight.gal/obradoiros-no-claustro-do-colexio-fonseca/"><strong>aquí</strong></a>. </span></p>

<p>El próximo viernes, 25 de septiembre, el Claustro del Colegio de Fonseca (Rúa do Franco s/n, Santiago de Compostela) se convertirá en el espacio para acercar la ciencia a la [&hellip;]</p>
