{"id":18050,"date":"2022-03-18T13:21:12","date_gmt":"2022-03-18T12:21:12","guid":{"rendered":"https:\/\/www.idisantiago.es\/?post_type=project&#038;p=18050"},"modified":"2026-03-02T08:10:40","modified_gmt":"2026-03-02T07:10:40","slug":"c006-endocrinoloxia-molecular","status":"publish","type":"project","link":"https:\/\/www.idisantiago.es\/gl\/grupo-de-investigacion\/c006-endocrinoloxia-molecular\/","title":{"rendered":"C006 &#8211; Endocrinolox\u00eda Molecular"},"content":{"rendered":"<p>[et_pb_section fb_built=&#8221;1&#8243; _builder_version=&#8221;4.16&#8243; _module_preset=&#8221;default&#8221; custom_padding=&#8221;0px||||false|false&#8221; da_disable_devices=&#8221;off|off|off&#8221; global_colors_info=&#8221;{}&#8221; da_is_popup=&#8221;off&#8221; da_exit_intent=&#8221;off&#8221; da_has_close=&#8221;on&#8221; da_alt_close=&#8221;off&#8221; da_dark_close=&#8221;off&#8221; da_not_modal=&#8221;on&#8221; da_is_singular=&#8221;off&#8221; da_with_loader=&#8221;off&#8221; da_has_shadow=&#8221;on&#8221;][et_pb_row _builder_version=&#8221;4.16&#8243; _module_preset=&#8221;default&#8221; width=&#8221;100%&#8221; custom_padding=&#8221;0px||||false|false&#8221; locked=&#8221;off&#8221; collapsed=&#8221;off&#8221; global_colors_info=&#8221;{}&#8221;][et_pb_column type=&#8221;4_4&#8243; _builder_version=&#8221;4.16&#8243; _module_preset=&#8221;default&#8221; global_colors_info=&#8221;{}&#8221;][et_pb_text _builder_version=&#8221;4.16&#8243; _module_preset=&#8221;default&#8221; global_colors_info=&#8221;{}&#8221;]\u00c1REA: <a href=\"https:\/\/www.idisantiago.es\/gl\/areas-de-investigacion\/a003-endocrinologia\/\">ENDOCRINOLOX\u00cdA<\/a>[\/et_pb_text][\/et_pb_column][\/et_pb_row][et_pb_row column_structure=&#8221;2_3,1_3&#8243; _builder_version=&#8221;4.16&#8243; _module_preset=&#8221;default&#8221; width=&#8221;100%&#8221; global_colors_info=&#8221;{}&#8221;][et_pb_column type=&#8221;2_3&#8243; _builder_version=&#8221;4.16&#8243; _module_preset=&#8221;default&#8221; global_colors_info=&#8221;{}&#8221;][et_pb_image src=&#8221;https:\/\/www.idisantiago.es\/wp-content\/uploads\/2021\/11\/grupo_investigacion.jpg&#8221; title_text=&#8221;Corporate portrait of office workers and employees&#8221; disabled_on=&#8221;on|on|on&#8221; _builder_version=&#8221;4.16&#8243; _module_preset=&#8221;default&#8221; disabled=&#8221;on&#8221; global_colors_info=&#8221;{}&#8221;][\/et_pb_image][et_pb_toggle title=&#8221;Obxectivos e li\u00f1as de investigaci\u00f3n&#8221; admin_label=&#8221;Obxectivos e li\u00f1as de investigaci\u00f3n&#8221; _builder_version=&#8221;4.16&#8243; _module_preset=&#8221;default&#8221; body_font=&#8221;|300|||||||&#8221; global_colors_info=&#8221;{}&#8221;]<\/p>\n<h3>Obxectivos<\/h3>\n<p>O noso grupo de investigaci\u00f3n aborda a obesidade como tem\u00e1tica xeral, co obxectivo de determinar os mecanismos que a orixinan e a perpet\u00faan no tempo, as alteraci\u00f3ns asociadas como a diabete e, o cancro as\u00ed como posibles terapias futuras. Para iso real\u00edzanse diferentes abordaxes metodol\u00f3xicos como son: estudos de seguimento poboacional, endocrinolox\u00eda traslacional, molecular e celular.<br \/>O tecido adiposo, como tecido clave, onde se orixina a obesidade centra moitas das li\u00f1as de traballo do grupo, fundamentalmente no co\u00f1ecemento dos procesos que o converten nun tecido patol\u00f3xico e por qu\u00e9 ten repercusi\u00f3ns a nivel sist\u00e9mico, o que permitir\u00eda atopar novas abordaxes terap\u00e9uticas.<br \/>Por outra parte, abr\u00edronse novas li\u00f1as de traballo referentes \u00e1 hormona recentemente descuberta: a irisina, que poder\u00eda abrir unha nova v\u00eda no co\u00f1ecemento da obesidade.<br \/>Entre as nosas li\u00f1as de traballo at\u00f3pase:Biolox\u00eda do tecido adiposo. Interacci\u00f3ns entre distintas rexi\u00f3ns anat\u00f3micas,obesidade e cancro, leptina e anorexia,inmunizaci\u00f3n contra axentes obesox\u00e9nicos, nanotecnolox\u00eda aplicada \u00e1 obesidade e regulaci\u00f3n da expresi\u00f3n e secreci\u00f3n de irisina.<\/p>\n<p>&nbsp;<\/p>\n<p>[\/et_pb_toggle][et_pb_toggle title=&#8221;Equipo investigador&#8221; admin_label=&#8221;Equipo investigador&#8221; _builder_version=&#8221;4.21.0&#8243; _module_preset=&#8221;default&#8221; body_font=&#8221;|300|||||||&#8221; hover_enabled=&#8221;0&#8243; global_colors_info=&#8221;{}&#8221; sticky_enabled=&#8221;0&#8243;]<\/p>\n<table style=\"width: 100%; border-collapse: collapse; border-style: hidden;\" border=\"0\">\n<tbody>\n<tr>\n<td style=\"width: 50%;\"><strong>L\u00edder<\/strong><br \/>Mart\u00ednez Olmos, Miguel \u00c1ngel<\/p>\n<p>&nbsp;<\/p>\n<p><strong>Membros<\/strong><br \/>And\u00fajar Plata, Paula<br \/>And\u00fajar Plata, Paula<br \/>Cant\u00f3n Blanco, Ana<br \/>Chen, Yue<br \/>D\u00edaz Trastoy, Olaia<br \/>Duyos Mato, Navia<br \/>Iglesias Moares, Jes\u00fas<br \/>L\u00f3pez L\u00f3pez, Franco Nicol\u00e1s<br \/>Mart\u00eds Sueiro, Aurelio Manuel<br \/>Pein\u00f3 Garc\u00eda, Roberto<br \/>Rom\u00e1n Eyo, Andrea Paola<\/p>\n<p>&nbsp;<\/p>\n<p><strong>Persoal Colaborador Externo<\/strong><br \/>Castro Pais, Ana<br \/>Couselo Carreira, Marcos<\/p>\n<\/td>\n<td style=\"width: 50%;\">\u00a0<\/td>\n<\/tr>\n<\/tbody>\n<\/table>\n<p>[\/et_pb_toggle][et_pb_toggle title=&#8221;Proyectos&#8221; disabled_on=&#8221;on|on|on&#8221; admin_label=&#8221;Proyectos (cambiar s\u00f3 codigo IDIS)&#8221; _builder_version=&#8221;4.16&#8243; _module_preset=&#8221;default&#8221; body_font=&#8221;|300|||||||&#8221; disabled=&#8221;on&#8221; locked=&#8221;off&#8221; global_colors_info=&#8221;{}&#8221;]<br \/>\n[\/et_pb_toggle][et_pb_toggle title=&#8221;Publicaciones&#8221; disabled_on=&#8221;on|on|on&#8221; admin_label=&#8221;Publicaciones&#8221; _builder_version=&#8221;4.16&#8243; _module_preset=&#8221;default&#8221; body_font=&#8221;|300|||||||&#8221; disabled=&#8221;on&#8221; global_colors_info=&#8221;{}&#8221;]<\/p>\n<ul>\n<li>Publicaci\u00f3n 1<\/li>\n<li>Publicaci\u00f3n 2<\/li>\n<li>Etc.<\/li>\n<\/ul>\n<p>[\/et_pb_toggle][et_pb_toggle title=&#8221;Web del grupo&#8221; disabled_on=&#8221;on|on|on&#8221; admin_label=&#8221;Web del grupo&#8221; _builder_version=&#8221;4.16&#8243; _module_preset=&#8221;default&#8221; body_font=&#8221;|300|||||||&#8221; disabled=&#8221;on&#8221; global_colors_info=&#8221;{}&#8221;]https:\/\/<br \/>\n[\/et_pb_toggle][\/et_pb_column][et_pb_column type=&#8221;1_3&#8243; _builder_version=&#8221;4.16&#8243; _module_preset=&#8221;default&#8221; global_colors_info=&#8221;{}&#8221;][et_pb_text admin_label=&#8221;Investigador\/a l\u00edder&#8221; _builder_version=&#8221;4.16&#8243; _module_preset=&#8221;default&#8221; text_text_color=&#8221;#FFFFFF&#8221; header_text_color=&#8221;#FFFFFF&#8221; header_2_text_align=&#8221;left&#8221; header_2_text_color=&#8221;#FFFFFF&#8221; background_color=&#8221;#10294c&#8221; custom_margin=&#8221;0px||||false|false&#8221; custom_padding=&#8221;6px||0px|6px|false|false&#8221; locked=&#8221;on&#8221; global_colors_info=&#8221;{}&#8221;]<\/p>\n<h2>Investigador l\u00edder<\/h2>\n<p>[\/et_pb_text][et_pb_text admin_label=&#8221;WP Team (cambiar s\u00f3 a ID pola do l\u00edder de equipo)&#8221; _builder_version=&#8221;4.21.0&#8243; _module_preset=&#8221;default&#8221; locked=&#8221;off&#8221; global_colors_info=&#8221;{}&#8221;]<\/p>\n<div class=\"sp-wp-team-pro-wrapper wp-team-pro-preloader\" >\n\n<div id=\"sptp-13572\" class=\"sp-team-pro sptp-section sptp-new_page pagination_normal sptp-even\" >\n\n\t<div class=\"sp-team-pro-page-loading-image\"><\/div>\n\t<div class=\"sptp-grid\">\n\t\t<div class=\"sptp-row  \">\n\t\t\t\t\t<div class=\"sp-team-pro-item sptp-col-lg-1 sptp-col-md-1 sptp-col-sm-1 sptp-col-xs-1\"\n\t\t\t data-member=\"13817\">\n\t\t\t\t<div class=\"sptp-member  border-bg-around-member sptp-square\">\n\t<a class=\"sptp-member-avatar \"  href=https:\/\/www.idisantiago.es\/gl\/team\/miguel-angel-martinez-olmos\/ target=_blank >\n\t<div class=\"sptp-member-avatar-img-area\" data-id=\"13817\">\n\t\t<div class=\"sptp-member-avatar-img sptp-square sptp-icon-on-image none \">\n\t\t\t<div class=\"sptp-overflow-h\">\n\t\t\t\t\t\t\t\t\t<div class=\"sptp-icon text-center\">\n\t\t\t\t\t<i class=\"fa fa-plus\"><\/i>\t\t\t\t\t<\/div>\n\t\t\t\t\t\t\t\t<img loading=\"lazy\" decoding=\"async\" class=\"sptp_default_img\" srcset=\"https:\/\/www.idisantiago.es\/wp-content\/uploads\/2021\/05\/End.-Miguel-Angel-Martinez-Olmos-1-250x320.png\" src=\"https:\/\/www.idisantiago.es\/wp-content\/uploads\/2021\/05\/End.-Miguel-Angel-Martinez-Olmos-1-250x320.png\" alt=\"Miguel \u00c1ngel Mart\u00ednez Olmos\" width=\"250\" height=\"320\">\n\t\t\t\t\t\t\t<\/div>\n\t\t<\/div>\n\t<\/div>\n<\/a>\n\t<div class=\"sptp-member-name \">\n\t\t<h2>\n\t\t\t\t\tMiguel \u00c1ngel Mart\u00ednez Olmos\t\t\t\t<\/h2>\n\t<\/div>\n<div class=\"sptp-member-email\">\n\n<i class=\"fa fa-envelope\"><\/i>\t<a href=\"#0\"  class=\"\">\n\t\t<span>miguel.angel.martinez.olmos@sergas.es<\/span>\n\t<\/a>\n\t<\/div>\n<div class=\"sptp-member-phone\">\n<i class=\"fa fa-phone\"><\/i>\t<a href=\"#0\"  class=\"\" >\n\t\t<span>(+34) 981951611<\/span>\n\t<\/a>\n\t<\/div>\n<div class=\"sptp-read-more-button\">\n\t<a class=\"sptp-member-read-more-button\" href=\"https:\/\/www.idisantiago.es\/gl\/team\/miguel-angel-martinez-olmos\/\"> + INFO <\/a>\n<\/div>\n<\/div>\n\t\t\t\t<\/div>\n\t\t\t\t<\/div> <!-- end row -->\n\t<\/div> <!-- end grid -->\n\t\t\t<\/div>\n<\/div>\n\n<p>[\/et_pb_text][\/et_pb_column][\/et_pb_row][\/et_pb_section]<\/p>\n","protected":false},"excerpt":{"rendered":"<p>\u00c1REA: ENDOCRINOLOX\u00cdAObxectivos O noso grupo de investigaci\u00f3n aborda a obesidade como tem\u00e1tica xeral, co obxectivo de determinar os mecanismos que a orixinan e a perpet\u00faan no tempo, as alteraci\u00f3ns asociadas [&hellip;]<\/p>\n","protected":false},"author":15,"featured_media":18074,"comment_status":"closed","ping_status":"closed","template":"","meta":{"_et_pb_use_builder":"on","_et_pb_old_content":"","_et_gb_content_width":"","inline_featured_image":false,"footnotes":""},"project_category":[505],"project_tag":[],"class_list":["post-18050","project","type-project","status-publish","has-post-thumbnail","hentry","project_category-endocrinologia-gl"],"publishpress_future_workflow_manual_trigger":{"enabledWorkflows":[]},"_links":{"self":[{"href":"https:\/\/www.idisantiago.es\/gl\/wp-json\/wp\/v2\/project\/18050","targetHints":{"allow":["GET"]}}],"collection":[{"href":"https:\/\/www.idisantiago.es\/gl\/wp-json\/wp\/v2\/project"}],"about":[{"href":"https:\/\/www.idisantiago.es\/gl\/wp-json\/wp\/v2\/types\/project"}],"author":[{"embeddable":true,"href":"https:\/\/www.idisantiago.es\/gl\/wp-json\/wp\/v2\/users\/15"}],"replies":[{"embeddable":true,"href":"https:\/\/www.idisantiago.es\/gl\/wp-json\/wp\/v2\/comments?post=18050"}],"version-history":[{"count":28,"href":"https:\/\/www.idisantiago.es\/gl\/wp-json\/wp\/v2\/project\/18050\/revisions"}],"predecessor-version":[{"id":45354,"href":"https:\/\/www.idisantiago.es\/gl\/wp-json\/wp\/v2\/project\/18050\/revisions\/45354"}],"wp:featuredmedia":[{"embeddable":true,"href":"https:\/\/www.idisantiago.es\/gl\/wp-json\/wp\/v2\/media\/18074"}],"wp:attachment":[{"href":"https:\/\/www.idisantiago.es\/gl\/wp-json\/wp\/v2\/media?parent=18050"}],"wp:term":[{"taxonomy":"project_category","embeddable":true,"href":"https:\/\/www.idisantiago.es\/gl\/wp-json\/wp\/v2\/project_category?post=18050"},{"taxonomy":"project_tag","embeddable":true,"href":"https:\/\/www.idisantiago.es\/gl\/wp-json\/wp\/v2\/project_tag?post=18050"}],"curies":[{"name":"wp","href":"https:\/\/api.w.org\/{rel}","templated":true}]}}

C006 &#8211; Endocrinoloxía Molecular

<p>[et_pb_section fb_built=&#8221;1&#8243; _builder_version=&#8221;4.16&#8243; _module_preset=&#8221;default&#8221; custom_padding=&#8221;0px||||false|false&#8221; da_disable_devices=&#8221;off|off|off&#8221; global_colors_info=&#8221;{}&#8221; da_is_popup=&#8221;off&#8221; da_exit_intent=&#8221;off&#8221; da_has_close=&#8221;on&#8221; da_alt_close=&#8221;off&#8221; da_dark_close=&#8221;off&#8221; da_not_modal=&#8221;on&#8221; da_is_singular=&#8221;off&#8221; da_with_loader=&#8221;off&#8221; da_has_shadow=&#8221;on&#8221;][et_pb_row _builder_version=&#8221;4.16&#8243; _module_preset=&#8221;default&#8221; width=&#8221;100%&#8221; custom_padding=&#8221;0px||||false|false&#8221; locked=&#8221;off&#8221; collapsed=&#8221;off&#8221; global_colors_info=&#8221;{}&#8221;][et_pb_column type=&#8221;4_4&#8243; _builder_version=&#8221;4.16&#8243; _module_preset=&#8221;default&#8221; global_colors_info=&#8221;{}&#8221;][et_pb_text _builder_version=&#8221;4.16&#8243; _module_preset=&#8221;default&#8221; global_colors_info=&#8221;{}&#8221;]ÁREA: <a href="https://www.idisantiago.es/gl/areas-de-investigacion/a003-endocrinologia/">ENDOCRINOLOXÍA</a>[/et_pb_text][/et_pb_column][/et_pb_row][et_pb_row column_structure=&#8221;2_3,1_3&#8243; _builder_version=&#8221;4.16&#8243; _module_preset=&#8221;default&#8221; width=&#8221;100%&#8221; global_colors_info=&#8221;{}&#8221;][et_pb_column type=&#8221;2_3&#8243; _builder_version=&#8221;4.16&#8243; _module_preset=&#8221;default&#8221; global_colors_info=&#8221;{}&#8221;][et_pb_image src=&#8221;https://www.idisantiago.es/wp-content/uploads/2021/11/grupo_investigacion.jpg&#8221; title_text=&#8221;Corporate portrait of office workers and employees&#8221; disabled_on=&#8221;on|on|on&#8221; _builder_version=&#8221;4.16&#8243; _module_preset=&#8221;default&#8221; disabled=&#8221;on&#8221; global_colors_info=&#8221;{}&#8221;][/et_pb_image][et_pb_toggle title=&#8221;Obxectivos e liñas de investigación&#8221; admin_label=&#8221;Obxectivos e liñas de investigación&#8221; _builder_version=&#8221;4.16&#8243; _module_preset=&#8221;default&#8221; body_font=&#8221;|300|||||||&#8221; global_colors_info=&#8221;{}&#8221;]</p>
<h3>Obxectivos</h3>
<p>O noso grupo de investigación aborda a obesidade como temática xeral, co obxectivo de determinar os mecanismos que a orixinan e a perpetúan no tempo, as alteracións asociadas como a diabete e, o cancro así como posibles terapias futuras. Para iso realízanse diferentes abordaxes metodolóxicos como son: estudos de seguimento poboacional, endocrinoloxía traslacional, molecular e celular.<br />O tecido adiposo, como tecido clave, onde se orixina a obesidade centra moitas das liñas de traballo do grupo, fundamentalmente no coñecemento dos procesos que o converten nun tecido patolóxico e por qué ten repercusións a nivel sistémico, o que permitiría atopar novas abordaxes terapéuticas.<br />Por outra parte, abríronse novas liñas de traballo referentes á hormona recentemente descuberta: a irisina, que podería abrir unha nova vía no coñecemento da obesidade.<br />Entre as nosas liñas de traballo atópase:Bioloxía do tecido adiposo. Interaccións entre distintas rexións anatómicas,obesidade e cancro, leptina e anorexia,inmunización contra axentes obesoxénicos, nanotecnoloxía aplicada á obesidade e regulación da expresión e secreción de irisina.</p>
<p>&nbsp;</p>
<p>[/et_pb_toggle][et_pb_toggle title=&#8221;Equipo investigador&#8221; admin_label=&#8221;Equipo investigador&#8221; _builder_version=&#8221;4.21.0&#8243; _module_preset=&#8221;default&#8221; body_font=&#8221;|300|||||||&#8221; hover_enabled=&#8221;0&#8243; global_colors_info=&#8221;{}&#8221; sticky_enabled=&#8221;0&#8243;]</p>
<table style="width: 100%; border-collapse: collapse; border-style: hidden;" border="0">
<tbody>
<tr>
<td style="width: 50%;"><strong>Líder</strong><br />Martínez Olmos, Miguel Ángel</p>
<p>&nbsp;</p>
<p><strong>Membros</strong><br />Andújar Plata, Paula<br />Andújar Plata, Paula<br />Cantón Blanco, Ana<br />Chen, Yue<br />Díaz Trastoy, Olaia<br />Duyos Mato, Navia<br />Iglesias Moares, Jesús<br />López López, Franco Nicolás<br />Martís Sueiro, Aurelio Manuel<br />Peinó García, Roberto<br />Román Eyo, Andrea Paola</p>
<p>&nbsp;</p>
<p><strong>Persoal Colaborador Externo</strong><br />Castro Pais, Ana<br />Couselo Carreira, Marcos</p>
</td>
<td style="width: 50%;"> </td>
</tr>
</tbody>
</table>
<p>[/et_pb_toggle][et_pb_toggle title=&#8221;Proyectos&#8221; disabled_on=&#8221;on|on|on&#8221; admin_label=&#8221;Proyectos (cambiar só codigo IDIS)&#8221; _builder_version=&#8221;4.16&#8243; _module_preset=&#8221;default&#8221; body_font=&#8221;|300|||||||&#8221; disabled=&#8221;on&#8221; locked=&#8221;off&#8221; global_colors_info=&#8221;{}&#8221;]<br />
[/et_pb_toggle][et_pb_toggle title=&#8221;Publicaciones&#8221; disabled_on=&#8221;on|on|on&#8221; admin_label=&#8221;Publicaciones&#8221; _builder_version=&#8221;4.16&#8243; _module_preset=&#8221;default&#8221; body_font=&#8221;|300|||||||&#8221; disabled=&#8221;on&#8221; global_colors_info=&#8221;{}&#8221;]</p>
<ul>
<li>Publicación 1</li>
<li>Publicación 2</li>
<li>Etc.</li>
</ul>
<p>[/et_pb_toggle][et_pb_toggle title=&#8221;Web del grupo&#8221; disabled_on=&#8221;on|on|on&#8221; admin_label=&#8221;Web del grupo&#8221; _builder_version=&#8221;4.16&#8243; _module_preset=&#8221;default&#8221; body_font=&#8221;|300|||||||&#8221; disabled=&#8221;on&#8221; global_colors_info=&#8221;{}&#8221;]https://<br />
[/et_pb_toggle][/et_pb_column][et_pb_column type=&#8221;1_3&#8243; _builder_version=&#8221;4.16&#8243; _module_preset=&#8221;default&#8221; global_colors_info=&#8221;{}&#8221;][et_pb_text admin_label=&#8221;Investigador/a líder&#8221; _builder_version=&#8221;4.16&#8243; _module_preset=&#8221;default&#8221; text_text_color=&#8221;#FFFFFF&#8221; header_text_color=&#8221;#FFFFFF&#8221; header_2_text_align=&#8221;left&#8221; header_2_text_color=&#8221;#FFFFFF&#8221; background_color=&#8221;#10294c&#8221; custom_margin=&#8221;0px||||false|false&#8221; custom_padding=&#8221;6px||0px|6px|false|false&#8221; locked=&#8221;on&#8221; global_colors_info=&#8221;{}&#8221;]</p>
<h2>Investigador líder</h2>
<p>[/et_pb_text][et_pb_text admin_label=&#8221;WP Team (cambiar só a ID pola do líder de equipo)&#8221; _builder_version=&#8221;4.21.0&#8243; _module_preset=&#8221;default&#8221; locked=&#8221;off&#8221; global_colors_info=&#8221;{}&#8221;]</p>
<div class="sp-wp-team-pro-wrapper wp-team-pro-preloader" >

<div id="sptp-13572" class="sp-team-pro sptp-section sptp-new_page pagination_normal sptp-even" >

	<div class="sp-team-pro-page-loading-image"></div>
	<div class="sptp-grid">
		<div class="sptp-row  ">
					<div class="sp-team-pro-item sptp-col-lg-1 sptp-col-md-1 sptp-col-sm-1 sptp-col-xs-1"
			 data-member="13817">
				<div class="sptp-member  border-bg-around-member sptp-square">
	<a class="sptp-member-avatar "  href=https://www.idisantiago.es/gl/team/miguel-angel-martinez-olmos/ target=_blank >
	<div class="sptp-member-avatar-img-area" data-id="13817">
		<div class="sptp-member-avatar-img sptp-square sptp-icon-on-image none ">
			<div class="sptp-overflow-h">
									<div class="sptp-icon text-center">
					<i class="fa fa-plus"></i>					</div>
								<img loading="lazy" decoding="async" class="sptp_default_img" srcset="https://www.idisantiago.es/wp-content/uploads/2021/05/End.-Miguel-Angel-Martinez-Olmos-1-250x320.png" src="https://www.idisantiago.es/wp-content/uploads/2021/05/End.-Miguel-Angel-Martinez-Olmos-1-250x320.png" alt="Miguel Ángel Martínez Olmos" width="250" height="320">
							</div>
		</div>
	</div>
</a>
	<div class="sptp-member-name ">
		<h2>
					Miguel Ángel Martínez Olmos				</h2>
	</div>
<div class="sptp-member-email">

<i class="fa fa-envelope"></i>	<a href="#0"  class="">
		<span>miguel.angel.martinez.olmos@sergas.es</span>
	</a>
	</div>
<div class="sptp-member-phone">
<i class="fa fa-phone"></i>	<a href="#0"  class="" >
		<span>(+34) 981951611</span>
	</a>
	</div>
<div class="sptp-read-more-button">
	<a class="sptp-member-read-more-button" href="https://www.idisantiago.es/gl/team/miguel-angel-martinez-olmos/"> + INFO </a>
</div>
</div>
				</div>
				</div> <!-- end row -->
	</div> <!-- end grid -->
			</div>
</div>

<p>[/et_pb_text][/et_pb_column][/et_pb_row][/et_pb_section]</p>

<p>ÁREA: ENDOCRINOLOXÍAObxectivos O noso grupo de investigación aborda a obesidade como temática xeral, co obxectivo de determinar os mecanismos que a orixinan e a perpetúan no tempo, as alteracións asociadas [&hellip;]</p>
