{"id":19237,"date":"2022-01-17T10:29:15","date_gmt":"2022-01-17T09:29:15","guid":{"rendered":"https:\/\/www.idisantiago.es\/grupo-de-investigacion\/e014-enfermedades-por-priones\/"},"modified":"2024-07-29T10:48:14","modified_gmt":"2024-07-29T08:48:14","slug":"e014-enfermedades-por-priones","status":"publish","type":"project","link":"https:\/\/www.idisantiago.es\/gl\/grupo-de-investigacion\/e014-enfermedades-por-priones\/","title":{"rendered":"E014 &#8211; Enfermidades por Pri\u00f3ns"},"content":{"rendered":"<p>[et_pb_section fb_built=&#8221;1&#8243; _builder_version=&#8221;4.16&#8243; _module_preset=&#8221;default&#8221; custom_padding=&#8221;0px||||false|false&#8221; da_disable_devices=&#8221;off|off|off&#8221; global_colors_info=&#8221;{}&#8221; da_is_popup=&#8221;off&#8221; da_exit_intent=&#8221;off&#8221; da_has_close=&#8221;on&#8221; da_alt_close=&#8221;off&#8221; da_dark_close=&#8221;off&#8221; da_not_modal=&#8221;on&#8221; da_is_singular=&#8221;off&#8221; da_with_loader=&#8221;off&#8221; da_has_shadow=&#8221;on&#8221;][et_pb_row _builder_version=&#8221;4.16&#8243; _module_preset=&#8221;default&#8221; width=&#8221;100%&#8221; custom_padding=&#8221;0px||||false|false&#8221; locked=&#8221;off&#8221; collapsed=&#8221;on&#8221; global_colors_info=&#8221;{}&#8221;][et_pb_column type=&#8221;4_4&#8243; _builder_version=&#8221;4.16&#8243; _module_preset=&#8221;default&#8221; global_colors_info=&#8221;{}&#8221;][et_pb_text _builder_version=&#8221;4.16&#8243; _module_preset=&#8221;default&#8221; global_colors_info=&#8221;{}&#8221;]<\/p>\n<p>\u00c1REA: <a href=\"https:\/\/www.idisantiago.es\/areas-de-investigacion\/a004-neurociencias\/\">NEUROCIENCIAS<\/a><\/p>\n<p>[\/et_pb_text][\/et_pb_column][\/et_pb_row][et_pb_row column_structure=&#8221;2_3,1_3&#8243; _builder_version=&#8221;4.16&#8243; _module_preset=&#8221;default&#8221; width=&#8221;100%&#8221; global_colors_info=&#8221;{}&#8221;][et_pb_column type=&#8221;2_3&#8243; _builder_version=&#8221;4.16&#8243; _module_preset=&#8221;default&#8221; global_colors_info=&#8221;{}&#8221;][et_pb_image src=&#8221;https:\/\/www.idisantiago.es\/wp-content\/uploads\/2021\/11\/grupo_investigacion.jpg&#8221; title_text=&#8221;Corporate portrait of office workers and employees&#8221; disabled_on=&#8221;on|on|on&#8221; _builder_version=&#8221;4.16&#8243; _module_preset=&#8221;default&#8221; disabled=&#8221;on&#8221; global_colors_info=&#8221;{}&#8221;][\/et_pb_image][et_pb_toggle title=&#8221;Obxectivos e li\u00f1as de investigaci\u00f3n&#8221; admin_label=&#8221;Obxectivos e li\u00f1as de investigaci\u00f3n&#8221; _builder_version=&#8221;4.16&#8243; _module_preset=&#8221;default&#8221; body_font=&#8221;|300|||||||&#8221; global_colors_info=&#8221;{}&#8221;]<\/p>\n<h3>Obxectivos<\/h3>\n<p>O traballo do noso grupo c\u00e9ntrase en investigar o papel do mal pregamento de determinadas prote\u00ednas nos mecanismos que desencadean certas encefalopat\u00edas. En concreto, investigamos tres enfermidades, as enfermidades pri\u00f3nicas, a encefalopat\u00eda de Celia e a esquizofrenia.<br \/>As enfermidades pri\u00f3nicas son doenzas neurodexenerativas mortais causadas polo mal pregamento da prote\u00edna pri\u00f3nica, PrP. Unha vez mal pregada, a PrP conv\u00e9rtese nun pri\u00f3n, \u00e9 dicir, unha prote\u00edna capaz de propagar a s\u00faa conformaci\u00f3n mal pregada a outras unidades de PrP.<br \/>O noso traballo c\u00e9ntrase en elucidar la estrutura do pri\u00f3n, algo imprescindible para entender o mecanismo de propagaci\u00f3n da enfermidade. Para iso utilizamos t\u00e9cnicas bioqu\u00edmicas, de microscop\u00eda electr\u00f3nica e de RMN.<br \/>A encefalopat\u00eda de Celia \u00e9 unha rara enfermidade neurodexenerativa hereditaria causada por unha mutaci\u00f3n particular do xene que codifica a seipina. Foi descuberta e descrita por David Ara\u00fajo fai apenas uns anos, en colaboraci\u00f3n co noso grupo. A seipina \u00e9 unha prote\u00edna implicada na formaci\u00f3n de gotas de graxa, por exemplo nos adipocitos, pero tam\u00e9n expresada abundantemente no cerebro.<br \/>Finalmente, a esquizofrenia \u00e9 unha enfermidade moi co\u00f1ecida e prevalente, se ben os seus mecanismos moleculares son pouco co\u00f1ecidos, m\u00e1is al\u00e1 das alteraci\u00f3ns nos sistemas de sinalizaci\u00f3n dopamin\u00e9rxicos e glutamat\u00e9rxicos, ben caracterizadas pero cuxa causa \u00faltima \u00e9 un misterio. Partindo da hip\u00f3tese formulada recentemente por Carsten Korth, seg\u00fan a cal o mal pregamento e agregaci\u00f3n da prote\u00edna cerebral DISC1 poder\u00eda xogar un importante papel na patolox\u00eda da esquizofrenia, estamos estudando esta prote\u00edna e caracterizando as s\u00faas funci\u00f3ns mediante aproximaci\u00f3ns prote\u00f3micas.<\/p>\n<p>&nbsp;<\/p>\n<p>&nbsp;<\/p>\n<p>[\/et_pb_toggle][et_pb_toggle title=&#8221;Equipo investigador&#8221; admin_label=&#8221;Equipo investigador&#8221; _builder_version=&#8221;4.21.0&#8243; _module_preset=&#8221;default&#8221; body_font=&#8221;|300|||||||&#8221; hover_enabled=&#8221;0&#8243; global_colors_info=&#8221;{}&#8221; sticky_enabled=&#8221;0&#8243;]<\/p>\n<table style=\"width: 100%; border-collapse: collapse; border-style: hidden;\" border=\"0\">\n<tbody>\n<tr>\n<td style=\"width: 50%;\"><strong>L\u00edder<\/strong><br \/>Rodr\u00edguez Requena, Jes\u00fas<\/p>\n<p>&nbsp;<\/p>\n<p><strong>Membros<\/strong><br \/>Bugallo Codeseira, Yaiza<br \/>Fern\u00e1ndez Flores, Leticia<br \/>L\u00f3pez Lorenzo, Nuria<br \/>Sabzehei, Sanaz<br \/>Veiga Sans, Sonia<\/p>\n<\/td>\n<td style=\"width: 50%;\">\u00a0<\/td>\n<\/tr>\n<\/tbody>\n<\/table>\n<p>[\/et_pb_toggle][et_pb_toggle title=&#8221;Proxectos&#8221; disabled_on=&#8221;on|on|on&#8221; admin_label=&#8221;Proyectos (cambiar s\u00f3 codigo IDIS)&#8221; _builder_version=&#8221;4.16&#8243; _module_preset=&#8221;default&#8221; body_font=&#8221;|300|||||||&#8221; disabled=&#8221;on&#8221; locked=&#8221;off&#8221; global_colors_info=&#8221;{}&#8221;]<\/p>\n\n<p>[\/et_pb_toggle][et_pb_toggle title=&#8221;Publicaci\u00f3ns&#8221; disabled_on=&#8221;on|on|on&#8221; admin_label=&#8221;Publicaciones&#8221; _builder_version=&#8221;4.16&#8243; _module_preset=&#8221;default&#8221; body_font=&#8221;|300|||||||&#8221; disabled=&#8221;on&#8221; global_colors_info=&#8221;{}&#8221;]<\/p>\n<ul>\n<li>Publicaci\u00f3n 1<\/li>\n<li>Publicaci\u00f3n 2<\/li>\n<li>Etc.<\/li>\n<\/ul>\n<p>[\/et_pb_toggle][et_pb_toggle title=&#8221;Web do grupo&#8221; disabled_on=&#8221;on|on|on&#8221; admin_label=&#8221;Web del grupo&#8221; _builder_version=&#8221;4.16&#8243; _module_preset=&#8221;default&#8221; body_font=&#8221;|300|||||||&#8221; disabled=&#8221;on&#8221; global_colors_info=&#8221;{}&#8221;]<\/p>\n<p>https:\/\/<\/p>\n<p>[\/et_pb_toggle][\/et_pb_column][et_pb_column type=&#8221;1_3&#8243; _builder_version=&#8221;4.16&#8243; _module_preset=&#8221;default&#8221; global_colors_info=&#8221;{}&#8221;][et_pb_text admin_label=&#8221;Investigador\/a l\u00edder&#8221; _builder_version=&#8221;4.16&#8243; _module_preset=&#8221;default&#8221; text_text_color=&#8221;#FFFFFF&#8221; header_text_color=&#8221;#FFFFFF&#8221; header_2_text_align=&#8221;left&#8221; header_2_text_color=&#8221;#FFFFFF&#8221; background_color=&#8221;#10294c&#8221; custom_margin=&#8221;0px||||false|false&#8221; custom_padding=&#8221;6px||0px|6px|false|false&#8221; locked=&#8221;on&#8221; global_colors_info=&#8221;{}&#8221;]<\/p>\n<h2>Investigador l\u00edder<\/h2>\n<p>[\/et_pb_text][et_pb_text admin_label=&#8221;WP Team (cambiar s\u00f3 a ID pola do l\u00edder de equipo)&#8221; _builder_version=&#8221;4.16&#8243; _module_preset=&#8221;default&#8221; locked=&#8221;on&#8221; global_colors_info=&#8221;{}&#8221;]<\/p>\n<div class=\"sp-wp-team-pro-wrapper wp-team-pro-preloader\" >\n\n<div id=\"sptp-10841\" class=\"sp-team-pro sptp-section sptp-new_page pagination_normal sptp-even\" >\n\n\t<div class=\"sp-team-pro-page-loading-image\"><\/div>\n\t<div class=\"sptp-grid\">\n\t\t<div class=\"sptp-row  \">\n\t\t\t\t\t<div class=\"sp-team-pro-item sptp-col-lg-1 sptp-col-md-1 sptp-col-sm-1 sptp-col-xs-1\"\n\t\t\t data-member=\"18907\">\n\t\t\t\t<div class=\"sptp-member  border-bg-around-member sptp-square\">\n\t<a class=\"sptp-member-avatar \"  href=https:\/\/www.idisantiago.es\/gl\/team\/jesus-rodriguez-requena\/ target=_blank >\n\t<div class=\"sptp-member-avatar-img-area\" data-id=\"18907\">\n\t\t<div class=\"sptp-member-avatar-img sptp-square sptp-icon-on-image none \">\n\t\t\t<div class=\"sptp-overflow-h\">\n\t\t\t\t\t\t\t\t\t<div class=\"sptp-icon text-center\">\n\t\t\t\t\t<i class=\"fa fa-plus\"><\/i>\t\t\t\t\t<\/div>\n\t\t\t\t\t\t\t\t<img loading=\"lazy\" decoding=\"async\" class=\"sptp_default_img\" srcset=\"https:\/\/www.idisantiago.es\/wp-content\/plugins\/wp-team-pro\/src\/Frontend\/img\/Placeholder-Image.png\" src=\"https:\/\/www.idisantiago.es\/wp-content\/plugins\/wp-team-pro\/src\/Frontend\/img\/Placeholder-Image.png\" alt=\"Jes\u00fas Rodr\u00edguez Requena\" width=\"600\" height=\"450\">\n\t\t\t\t\t\t\t<\/div>\n\t\t<\/div>\n\t<\/div>\n<\/a>\n\t<div class=\"sptp-member-name \">\n\t\t<h2>\n\t\t\t\t\tJes\u00fas Rodr\u00edguez Requena\t\t\t\t<\/h2>\n\t<\/div>\n<div class=\"sptp-read-more-button\">\n\t<a class=\"sptp-member-read-more-button\" href=\"https:\/\/www.idisantiago.es\/gl\/team\/jesus-rodriguez-requena\/\"> + INFO <\/a>\n<\/div>\n<\/div>\n\t\t\t\t<\/div>\n\t\t\t\t<\/div> <!-- end row -->\n\t<\/div> <!-- end grid -->\n\t\t\t<\/div>\n<\/div>\n\n<p>[\/et_pb_text][\/et_pb_column][\/et_pb_row][\/et_pb_section]<\/p>\n","protected":false},"excerpt":{"rendered":"<p>\u00c1REA: NEUROCIENCIASObxectivos O traballo do noso grupo c\u00e9ntrase en investigar o papel do mal pregamento de determinadas prote\u00ednas nos mecanismos que desencadean certas encefalopat\u00edas. En concreto, investigamos tres enfermidades, as [&hellip;]<\/p>\n","protected":false},"author":11,"featured_media":10312,"comment_status":"closed","ping_status":"closed","template":"","meta":{"_et_pb_use_builder":"on","_et_pb_old_content":"","_et_gb_content_width":"","inline_featured_image":false,"footnotes":""},"project_category":[511],"project_tag":[650,651],"class_list":["post-19237","project","type-project","status-publish","has-post-thumbnail","hentry","project_category-neurociencias-gl","project_tag-enfermedades-gl","project_tag-priones-gl"],"publishpress_future_workflow_manual_trigger":{"enabledWorkflows":[]},"_links":{"self":[{"href":"https:\/\/www.idisantiago.es\/gl\/wp-json\/wp\/v2\/project\/19237","targetHints":{"allow":["GET"]}}],"collection":[{"href":"https:\/\/www.idisantiago.es\/gl\/wp-json\/wp\/v2\/project"}],"about":[{"href":"https:\/\/www.idisantiago.es\/gl\/wp-json\/wp\/v2\/types\/project"}],"author":[{"embeddable":true,"href":"https:\/\/www.idisantiago.es\/gl\/wp-json\/wp\/v2\/users\/11"}],"replies":[{"embeddable":true,"href":"https:\/\/www.idisantiago.es\/gl\/wp-json\/wp\/v2\/comments?post=19237"}],"version-history":[{"count":9,"href":"https:\/\/www.idisantiago.es\/gl\/wp-json\/wp\/v2\/project\/19237\/revisions"}],"predecessor-version":[{"id":35273,"href":"https:\/\/www.idisantiago.es\/gl\/wp-json\/wp\/v2\/project\/19237\/revisions\/35273"}],"wp:featuredmedia":[{"embeddable":true,"href":"https:\/\/www.idisantiago.es\/gl\/wp-json\/wp\/v2\/media\/10312"}],"wp:attachment":[{"href":"https:\/\/www.idisantiago.es\/gl\/wp-json\/wp\/v2\/media?parent=19237"}],"wp:term":[{"taxonomy":"project_category","embeddable":true,"href":"https:\/\/www.idisantiago.es\/gl\/wp-json\/wp\/v2\/project_category?post=19237"},{"taxonomy":"project_tag","embeddable":true,"href":"https:\/\/www.idisantiago.es\/gl\/wp-json\/wp\/v2\/project_tag?post=19237"}],"curies":[{"name":"wp","href":"https:\/\/api.w.org\/{rel}","templated":true}]}}

E014 &#8211; Enfermidades por Prións

<p>[et_pb_section fb_built=&#8221;1&#8243; _builder_version=&#8221;4.16&#8243; _module_preset=&#8221;default&#8221; custom_padding=&#8221;0px||||false|false&#8221; da_disable_devices=&#8221;off|off|off&#8221; global_colors_info=&#8221;{}&#8221; da_is_popup=&#8221;off&#8221; da_exit_intent=&#8221;off&#8221; da_has_close=&#8221;on&#8221; da_alt_close=&#8221;off&#8221; da_dark_close=&#8221;off&#8221; da_not_modal=&#8221;on&#8221; da_is_singular=&#8221;off&#8221; da_with_loader=&#8221;off&#8221; da_has_shadow=&#8221;on&#8221;][et_pb_row _builder_version=&#8221;4.16&#8243; _module_preset=&#8221;default&#8221; width=&#8221;100%&#8221; custom_padding=&#8221;0px||||false|false&#8221; locked=&#8221;off&#8221; collapsed=&#8221;on&#8221; global_colors_info=&#8221;{}&#8221;][et_pb_column type=&#8221;4_4&#8243; _builder_version=&#8221;4.16&#8243; _module_preset=&#8221;default&#8221; global_colors_info=&#8221;{}&#8221;][et_pb_text _builder_version=&#8221;4.16&#8243; _module_preset=&#8221;default&#8221; global_colors_info=&#8221;{}&#8221;]</p>
<p>ÁREA: <a href="https://www.idisantiago.es/areas-de-investigacion/a004-neurociencias/">NEUROCIENCIAS</a></p>
<p>[/et_pb_text][/et_pb_column][/et_pb_row][et_pb_row column_structure=&#8221;2_3,1_3&#8243; _builder_version=&#8221;4.16&#8243; _module_preset=&#8221;default&#8221; width=&#8221;100%&#8221; global_colors_info=&#8221;{}&#8221;][et_pb_column type=&#8221;2_3&#8243; _builder_version=&#8221;4.16&#8243; _module_preset=&#8221;default&#8221; global_colors_info=&#8221;{}&#8221;][et_pb_image src=&#8221;https://www.idisantiago.es/wp-content/uploads/2021/11/grupo_investigacion.jpg&#8221; title_text=&#8221;Corporate portrait of office workers and employees&#8221; disabled_on=&#8221;on|on|on&#8221; _builder_version=&#8221;4.16&#8243; _module_preset=&#8221;default&#8221; disabled=&#8221;on&#8221; global_colors_info=&#8221;{}&#8221;][/et_pb_image][et_pb_toggle title=&#8221;Obxectivos e liñas de investigación&#8221; admin_label=&#8221;Obxectivos e liñas de investigación&#8221; _builder_version=&#8221;4.16&#8243; _module_preset=&#8221;default&#8221; body_font=&#8221;|300|||||||&#8221; global_colors_info=&#8221;{}&#8221;]</p>
<h3>Obxectivos</h3>
<p>O traballo do noso grupo céntrase en investigar o papel do mal pregamento de determinadas proteínas nos mecanismos que desencadean certas encefalopatías. En concreto, investigamos tres enfermidades, as enfermidades priónicas, a encefalopatía de Celia e a esquizofrenia.<br />As enfermidades priónicas son doenzas neurodexenerativas mortais causadas polo mal pregamento da proteína priónica, PrP. Unha vez mal pregada, a PrP convértese nun prión, é dicir, unha proteína capaz de propagar a súa conformación mal pregada a outras unidades de PrP.<br />O noso traballo céntrase en elucidar la estrutura do prión, algo imprescindible para entender o mecanismo de propagación da enfermidade. Para iso utilizamos técnicas bioquímicas, de microscopía electrónica e de RMN.<br />A encefalopatía de Celia é unha rara enfermidade neurodexenerativa hereditaria causada por unha mutación particular do xene que codifica a seipina. Foi descuberta e descrita por David Araújo fai apenas uns anos, en colaboración co noso grupo. A seipina é unha proteína implicada na formación de gotas de graxa, por exemplo nos adipocitos, pero tamén expresada abundantemente no cerebro.<br />Finalmente, a esquizofrenia é unha enfermidade moi coñecida e prevalente, se ben os seus mecanismos moleculares son pouco coñecidos, máis alá das alteracións nos sistemas de sinalización dopaminérxicos e glutamatérxicos, ben caracterizadas pero cuxa causa última é un misterio. Partindo da hipótese formulada recentemente por Carsten Korth, según a cal o mal pregamento e agregación da proteína cerebral DISC1 podería xogar un importante papel na patoloxía da esquizofrenia, estamos estudando esta proteína e caracterizando as súas funcións mediante aproximacións proteómicas.</p>
<p>&nbsp;</p>
<p>&nbsp;</p>
<p>[/et_pb_toggle][et_pb_toggle title=&#8221;Equipo investigador&#8221; admin_label=&#8221;Equipo investigador&#8221; _builder_version=&#8221;4.21.0&#8243; _module_preset=&#8221;default&#8221; body_font=&#8221;|300|||||||&#8221; hover_enabled=&#8221;0&#8243; global_colors_info=&#8221;{}&#8221; sticky_enabled=&#8221;0&#8243;]</p>
<table style="width: 100%; border-collapse: collapse; border-style: hidden;" border="0">
<tbody>
<tr>
<td style="width: 50%;"><strong>Líder</strong><br />Rodríguez Requena, Jesús</p>
<p>&nbsp;</p>
<p><strong>Membros</strong><br />Bugallo Codeseira, Yaiza<br />Fernández Flores, Leticia<br />López Lorenzo, Nuria<br />Sabzehei, Sanaz<br />Veiga Sans, Sonia</p>
</td>
<td style="width: 50%;"> </td>
</tr>
</tbody>
</table>
<p>[/et_pb_toggle][et_pb_toggle title=&#8221;Proxectos&#8221; disabled_on=&#8221;on|on|on&#8221; admin_label=&#8221;Proyectos (cambiar só codigo IDIS)&#8221; _builder_version=&#8221;4.16&#8243; _module_preset=&#8221;default&#8221; body_font=&#8221;|300|||||||&#8221; disabled=&#8221;on&#8221; locked=&#8221;off&#8221; global_colors_info=&#8221;{}&#8221;]</p>

<p>[/et_pb_toggle][et_pb_toggle title=&#8221;Publicacións&#8221; disabled_on=&#8221;on|on|on&#8221; admin_label=&#8221;Publicaciones&#8221; _builder_version=&#8221;4.16&#8243; _module_preset=&#8221;default&#8221; body_font=&#8221;|300|||||||&#8221; disabled=&#8221;on&#8221; global_colors_info=&#8221;{}&#8221;]</p>
<ul>
<li>Publicación 1</li>
<li>Publicación 2</li>
<li>Etc.</li>
</ul>
<p>[/et_pb_toggle][et_pb_toggle title=&#8221;Web do grupo&#8221; disabled_on=&#8221;on|on|on&#8221; admin_label=&#8221;Web del grupo&#8221; _builder_version=&#8221;4.16&#8243; _module_preset=&#8221;default&#8221; body_font=&#8221;|300|||||||&#8221; disabled=&#8221;on&#8221; global_colors_info=&#8221;{}&#8221;]</p>
<p>https://</p>
<p>[/et_pb_toggle][/et_pb_column][et_pb_column type=&#8221;1_3&#8243; _builder_version=&#8221;4.16&#8243; _module_preset=&#8221;default&#8221; global_colors_info=&#8221;{}&#8221;][et_pb_text admin_label=&#8221;Investigador/a líder&#8221; _builder_version=&#8221;4.16&#8243; _module_preset=&#8221;default&#8221; text_text_color=&#8221;#FFFFFF&#8221; header_text_color=&#8221;#FFFFFF&#8221; header_2_text_align=&#8221;left&#8221; header_2_text_color=&#8221;#FFFFFF&#8221; background_color=&#8221;#10294c&#8221; custom_margin=&#8221;0px||||false|false&#8221; custom_padding=&#8221;6px||0px|6px|false|false&#8221; locked=&#8221;on&#8221; global_colors_info=&#8221;{}&#8221;]</p>
<h2>Investigador líder</h2>
<p>[/et_pb_text][et_pb_text admin_label=&#8221;WP Team (cambiar só a ID pola do líder de equipo)&#8221; _builder_version=&#8221;4.16&#8243; _module_preset=&#8221;default&#8221; locked=&#8221;on&#8221; global_colors_info=&#8221;{}&#8221;]</p>
<div class="sp-wp-team-pro-wrapper wp-team-pro-preloader" >

<div id="sptp-10841" class="sp-team-pro sptp-section sptp-new_page pagination_normal sptp-even" >

	<div class="sp-team-pro-page-loading-image"></div>
	<div class="sptp-grid">
		<div class="sptp-row  ">
					<div class="sp-team-pro-item sptp-col-lg-1 sptp-col-md-1 sptp-col-sm-1 sptp-col-xs-1"
			 data-member="18907">
				<div class="sptp-member  border-bg-around-member sptp-square">
	<a class="sptp-member-avatar "  href=https://www.idisantiago.es/gl/team/jesus-rodriguez-requena/ target=_blank >
	<div class="sptp-member-avatar-img-area" data-id="18907">
		<div class="sptp-member-avatar-img sptp-square sptp-icon-on-image none ">
			<div class="sptp-overflow-h">
									<div class="sptp-icon text-center">
					<i class="fa fa-plus"></i>					</div>
								<img loading="lazy" decoding="async" class="sptp_default_img" srcset="https://www.idisantiago.es/wp-content/plugins/wp-team-pro/src/Frontend/img/Placeholder-Image.png" src="https://www.idisantiago.es/wp-content/plugins/wp-team-pro/src/Frontend/img/Placeholder-Image.png" alt="Jesús Rodríguez Requena" width="600" height="450">
							</div>
		</div>
	</div>
</a>
	<div class="sptp-member-name ">
		<h2>
					Jesús Rodríguez Requena				</h2>
	</div>
<div class="sptp-read-more-button">
	<a class="sptp-member-read-more-button" href="https://www.idisantiago.es/gl/team/jesus-rodriguez-requena/"> + INFO </a>
</div>
</div>
				</div>
				</div> <!-- end row -->
	</div> <!-- end grid -->
			</div>
</div>

<p>[/et_pb_text][/et_pb_column][/et_pb_row][/et_pb_section]</p>

<p>ÁREA: NEUROCIENCIASObxectivos O traballo do noso grupo céntrase en investigar o papel do mal pregamento de determinadas proteínas nos mecanismos que desencadean certas encefalopatías. En concreto, investigamos tres enfermidades, as [&hellip;]</p>
