{"id":19277,"date":"2022-01-14T10:41:57","date_gmt":"2022-01-14T09:41:57","guid":{"rendered":"https:\/\/www.idisantiago.es\/grupo-de-investigacion\/c011-patologia\/"},"modified":"2026-03-13T09:21:12","modified_gmt":"2026-03-13T08:21:12","slug":"c011-patologia","status":"publish","type":"project","link":"https:\/\/www.idisantiago.es\/gl\/grupo-de-investigacion\/c011-patologia\/","title":{"rendered":"C011 &#8211; Patolox\u00eda"},"content":{"rendered":"<p>[et_pb_section fb_built=&#8221;1&#8243; _builder_version=&#8221;4.16&#8243; _module_preset=&#8221;default&#8221; custom_padding=&#8221;0px||||false|false&#8221; da_disable_devices=&#8221;off|off|off&#8221; global_colors_info=&#8221;{}&#8221; da_is_popup=&#8221;off&#8221; da_exit_intent=&#8221;off&#8221; da_has_close=&#8221;on&#8221; da_alt_close=&#8221;off&#8221; da_dark_close=&#8221;off&#8221; da_not_modal=&#8221;on&#8221; da_is_singular=&#8221;off&#8221; da_with_loader=&#8221;off&#8221; da_has_shadow=&#8221;on&#8221;][et_pb_row _builder_version=&#8221;4.16&#8243; _module_preset=&#8221;default&#8221; width=&#8221;100%&#8221; custom_padding=&#8221;0px||||false|false&#8221; locked=&#8221;on&#8221; collapsed=&#8221;on&#8221; global_colors_info=&#8221;{}&#8221;][et_pb_column type=&#8221;4_4&#8243; _builder_version=&#8221;4.16&#8243; _module_preset=&#8221;default&#8221; global_colors_info=&#8221;{}&#8221;][et_pb_text _builder_version=&#8221;4.16&#8243; _module_preset=&#8221;default&#8221; global_colors_info=&#8221;{}&#8221;]<\/p>\n<p>\u00c1REA: <a href=\"https:\/\/www.idisantiago.es\/areas-de-investigacion\/a001-oncologia\/\">ONCOLOG\u00cdA<\/a><\/p>\n<p>[\/et_pb_text][\/et_pb_column][\/et_pb_row][et_pb_row column_structure=&#8221;2_3,1_3&#8243; _builder_version=&#8221;4.16&#8243; _module_preset=&#8221;default&#8221; width=&#8221;100%&#8221; global_colors_info=&#8221;{}&#8221;][et_pb_column type=&#8221;2_3&#8243; _builder_version=&#8221;4.16&#8243; _module_preset=&#8221;default&#8221; global_colors_info=&#8221;{}&#8221;][et_pb_image src=&#8221;https:\/\/www.idisantiago.es\/wp-content\/uploads\/2021\/11\/grupo_investigacion.jpg&#8221; title_text=&#8221;Corporate portrait of office workers and employees&#8221; disabled_on=&#8221;on|on|on&#8221; _builder_version=&#8221;4.16&#8243; _module_preset=&#8221;default&#8221; disabled=&#8221;on&#8221; global_colors_info=&#8221;{}&#8221;][\/et_pb_image][et_pb_toggle title=&#8221;Obxectivos e li\u00f1as de investigaci\u00f3n&#8221; admin_label=&#8221;Objetivos y l\u00edneas de investigaci\u00f3n&#8221; _builder_version=&#8221;4.16&#8243; _module_preset=&#8221;default&#8221; body_font=&#8221;|300|||||||&#8221; global_colors_info=&#8221;{}&#8221;]<\/p>\n<h3>Obxectivos<\/h3>\n<p>O grupo de Patolox\u00eda \u00e9 un grupo traslacional, centrado no estudo dos mecanismos moleculares do cancro, que incl\u00fae a pat\u00f3logos do Servizo de Anatom\u00eda Patol\u00f3xica do Hospital Cl\u00ednico Universitario e profesores de Ciencias Morfol\u00f3xicas e de Anatom\u00eda Patol\u00f3xica da Facultade de Medicina de Santiago, con especial interese nos mecanismos moleculares do cancro e o desenvolvemento de terapias espec\u00edficas.<\/p>\n<h3>Li\u00f1as de investigaci\u00f3n<\/h3>\n<p>O grupo de patolox\u00eda tiroidea, emprega o modelo das neoplasias da gl\u00e1ndula tiroidea humana para identificar dianas moleculares implicadas na etiopatox\u00e9nese do cancro humano con aplicaci\u00f3ns potenciais para a diagnose precoz e o desenvolvemento de terapias espec\u00edficas. Espec\u00edficamente e a trav\u00e9s de proxectos de investigaci\u00f3n con financiaci\u00f3n p\u00fablica, invest\u00edgase o desenvolvemento de tumores tiroideos de c\u00e9lulas foliculares e de tipo familiar relacionados coa mutaci\u00f3n xerminal dos xenes APC e PTEN.<\/p>\n<p>O grupo de patolox\u00eda mamaria est\u00e1 centrado no estudo de biomarcadores predictivos de resposta a tratamentos personalizados (dianas terap\u00e9uticas), tales como HER2, HER2- low, PD-L1 e mutaci\u00f3ns de PI3K.<\/p>\n<p>O grupo de cancro de pulm\u00f3n traballa na identificaci\u00f3n e determinaci\u00f3n de biomarcadores diagn\u00f3sticos e predictivos de resposta, inicialmente de forma individualizada e nos \u00faltimos anos coa incorporaci\u00f3n da tecnolox\u00eda de secuenciaci\u00f3n masiva (NGS). Implementamos a NGS mediante o desenvolvemento dun panel customizado composto por 46 xenes que permite analizar as dianas terap\u00e9uticas aprobadas, en ensaio cl\u00ednico ou en v\u00eda de desenvolvemento para carcinomas de c\u00e9lulas non pequenas. Para o desenvolvemento e validaci\u00f3n de dito panel contamos con financiaci\u00f3n p\u00fablica (C\u00f3digo 100, un plan de innovaci\u00f3n sanitaria centrado no paciente promovido por ACIS).<\/p>\n<p>O traballo do grupo de patolox\u00eda hematolinfoide c\u00e9ntrase na identificaci\u00f3n de marcadores moleculares pron\u00f3sticos que permitan un axuste m\u00e1is preciso da abordaxe terap\u00e9utica. Adem\u00e1is das t\u00e9cnicas inmunofenot\u00edpicas e moleculares tradicionais, estanse utilizando ferramentas bioinform\u00e1ticas e de intelixencia artificial para establecer perf\u00eds precisos de risco.<\/p>\n<p>&nbsp;<\/p>\n<p>[\/et_pb_toggle][et_pb_toggle title=&#8221;Equipo investigador&#8221; admin_label=&#8221;Equipo investigador&#8221; _builder_version=&#8221;4.21.0&#8243; _module_preset=&#8221;default&#8221; body_font=&#8221;|300|||||||&#8221; hover_enabled=&#8221;0&#8243; global_colors_info=&#8221;{}&#8221; sticky_enabled=&#8221;0&#8243;]<\/p>\n<p><strong>L\u00edder<\/strong><br \/>Ant\u00fanez L\u00f3pez, Jos\u00e9 Ram\u00f3n<\/p>\n<p>&nbsp;<\/p>\n<table style=\"width: 100%; border-collapse: collapse; border-style: hidden;\" border=\"0\">\n<tbody>\n<tr>\n<td style=\"width: 50%;\"><strong>Membros<\/strong><br \/>Abdulkader Nallib, Ihab<br \/>Bouso Montero, Marta<br \/>Cameselle-Teijeiro, Jos\u00e9<br \/>Fraga Rodr\u00edguez, M\u00e1ximo<br \/>G\u00e1ndara Cort\u00e9s, Marina<br \/>Garc\u00eda-Caballero Parada, Tom\u00e1s<br \/>Reuto Castillo, Jaime Orlando<\/p>\n<p>&nbsp;<\/p>\n<p>&nbsp;<\/p>\n<\/td>\n<td style=\"width: 50%;\">\u00a0<\/td>\n<\/tr>\n<\/tbody>\n<\/table>\n<p>[\/et_pb_toggle][et_pb_toggle title=&#8221;Proxectos&#8221; disabled_on=&#8221;off|off|off&#8221; admin_label=&#8221;Proyectos (cambiar s\u00f3 codigo IDIS)&#8221; _builder_version=&#8221;4.16&#8243; _module_preset=&#8221;default&#8221; body_font=&#8221;|300|||||||&#8221; locked=&#8221;off&#8221; global_colors_info=&#8221;{}&#8221;]<\/p>\n\n<p>[\/et_pb_toggle][et_pb_toggle title=&#8221;Publicaci\u00f3ns&#8221; disabled_on=&#8221;on|on|on&#8221; admin_label=&#8221;Publicaciones&#8221; _builder_version=&#8221;4.16&#8243; _module_preset=&#8221;default&#8221; body_font=&#8221;|300|||||||&#8221; disabled=&#8221;on&#8221; global_colors_info=&#8221;{}&#8221;]<\/p>\n<ul>\n<li>Publicaci\u00f3n 1<\/li>\n<li>Publicaci\u00f3n 2<\/li>\n<li>Etc.<\/li>\n<\/ul>\n<p>[\/et_pb_toggle][et_pb_toggle title=&#8221;Web do grupo&#8221; disabled_on=&#8221;on|on|on&#8221; admin_label=&#8221;Web del grupo&#8221; _builder_version=&#8221;4.16&#8243; _module_preset=&#8221;default&#8221; body_font=&#8221;|300|||||||&#8221; disabled=&#8221;on&#8221; global_colors_info=&#8221;{}&#8221;]<\/p>\n<p>https:\/\/<\/p>\n<p>[\/et_pb_toggle][\/et_pb_column][et_pb_column type=&#8221;1_3&#8243; _builder_version=&#8221;4.16&#8243; _module_preset=&#8221;default&#8221; global_colors_info=&#8221;{}&#8221;][et_pb_text admin_label=&#8221;Investigador\/a l\u00edder&#8221; _builder_version=&#8221;4.16&#8243; _module_preset=&#8221;default&#8221; text_text_color=&#8221;#FFFFFF&#8221; header_text_color=&#8221;#FFFFFF&#8221; header_2_text_align=&#8221;left&#8221; header_2_text_color=&#8221;#FFFFFF&#8221; background_color=&#8221;#10294c&#8221; custom_margin=&#8221;0px||||false|false&#8221; custom_padding=&#8221;6px||0px|6px|false|false&#8221; locked=&#8221;on&#8221; global_colors_info=&#8221;{}&#8221;]<\/p>\n<h2>Investigador l\u00edder<\/h2>\n<p>[\/et_pb_text][et_pb_text admin_label=&#8221;WP Team (cambiar s\u00f3 a ID pola do l\u00edder de equipo)&#8221; _builder_version=&#8221;4.16&#8243; _module_preset=&#8221;default&#8221; locked=&#8221;on&#8221; global_colors_info=&#8221;{}&#8221;]<\/p>\n<div class=\"sp-wp-team-pro-wrapper wp-team-pro-preloader\" >\n\n<div id=\"sptp-10444\" class=\"sp-team-pro sptp-section sptp-new_page pagination_normal sptp-even\" >\n\n\t<div class=\"sp-team-pro-page-loading-image\"><\/div>\n\t<div class=\"sptp-grid\">\n\t\t<div class=\"sptp-row  \">\n\t\t\t\t\t<div class=\"sp-team-pro-item sptp-col-lg-1 sptp-col-md-1 sptp-col-sm-1 sptp-col-xs-1\"\n\t\t\t data-member=\"18952\">\n\t\t\t\t<div class=\"sptp-member  border-bg-around-member sptp-square\">\n\t<a class=\"sptp-member-avatar \"  href=https:\/\/www.idisantiago.es\/gl\/team\/jose-ramon-antunez-lopez\/ target=_blank >\n\t<div class=\"sptp-member-avatar-img-area\" data-id=\"18952\">\n\t\t<div class=\"sptp-member-avatar-img sptp-square sptp-icon-on-image none \">\n\t\t\t<div class=\"sptp-overflow-h\">\n\t\t\t\t\t\t\t\t\t<div class=\"sptp-icon text-center\">\n\t\t\t\t\t<i class=\"fa fa-plus\"><\/i>\t\t\t\t\t<\/div>\n\t\t\t\t\t\t\t\t<img loading=\"lazy\" decoding=\"async\" class=\"sptp_default_img\" srcset=\"https:\/\/www.idisantiago.es\/wp-content\/plugins\/wp-team-pro\/src\/Frontend\/img\/Placeholder-Image.png\" src=\"https:\/\/www.idisantiago.es\/wp-content\/plugins\/wp-team-pro\/src\/Frontend\/img\/Placeholder-Image.png\" alt=\"Jos\u00e9 Ram\u00f3n Ant\u00fanez L\u00f3pez\" width=\"600\" height=\"450\">\n\t\t\t\t\t\t\t<\/div>\n\t\t<\/div>\n\t<\/div>\n<\/a>\n\t<div class=\"sptp-member-name \">\n\t\t<h2>\n\t\t\t\t\tJos\u00e9 Ram\u00f3n Ant\u00fanez L\u00f3pez\t\t\t\t<\/h2>\n\t<\/div>\n<div class=\"sptp-read-more-button\">\n\t<a class=\"sptp-member-read-more-button\" href=\"https:\/\/www.idisantiago.es\/gl\/team\/jose-ramon-antunez-lopez\/\"> + INFO <\/a>\n<\/div>\n<\/div>\n\t\t\t\t<\/div>\n\t\t\t\t<\/div> <!-- end row -->\n\t<\/div> <!-- end grid -->\n\t\t\t<\/div>\n<\/div>\n\n<p>[\/et_pb_text][\/et_pb_column][\/et_pb_row][\/et_pb_section]<\/p>\n","protected":false},"excerpt":{"rendered":"<p>\u00c1REA: ONCOLOG\u00cdAObxectivos O grupo de Patolox\u00eda \u00e9 un grupo traslacional, centrado no estudo dos mecanismos moleculares do cancro, que incl\u00fae a pat\u00f3logos do Servizo de Anatom\u00eda Patol\u00f3xica do Hospital Cl\u00ednico [&hellip;]<\/p>\n","protected":false},"author":11,"featured_media":10312,"comment_status":"closed","ping_status":"closed","template":"","meta":{"_et_pb_use_builder":"on","_et_pb_old_content":"","_et_gb_content_width":"","inline_featured_image":false,"footnotes":""},"project_category":[513],"project_tag":[],"class_list":["post-19277","project","type-project","status-publish","has-post-thumbnail","hentry","project_category-oncologia-gl"],"publishpress_future_workflow_manual_trigger":{"enabledWorkflows":[]},"_links":{"self":[{"href":"https:\/\/www.idisantiago.es\/gl\/wp-json\/wp\/v2\/project\/19277","targetHints":{"allow":["GET"]}}],"collection":[{"href":"https:\/\/www.idisantiago.es\/gl\/wp-json\/wp\/v2\/project"}],"about":[{"href":"https:\/\/www.idisantiago.es\/gl\/wp-json\/wp\/v2\/types\/project"}],"author":[{"embeddable":true,"href":"https:\/\/www.idisantiago.es\/gl\/wp-json\/wp\/v2\/users\/11"}],"replies":[{"embeddable":true,"href":"https:\/\/www.idisantiago.es\/gl\/wp-json\/wp\/v2\/comments?post=19277"}],"version-history":[{"count":10,"href":"https:\/\/www.idisantiago.es\/gl\/wp-json\/wp\/v2\/project\/19277\/revisions"}],"predecessor-version":[{"id":45650,"href":"https:\/\/www.idisantiago.es\/gl\/wp-json\/wp\/v2\/project\/19277\/revisions\/45650"}],"wp:featuredmedia":[{"embeddable":true,"href":"https:\/\/www.idisantiago.es\/gl\/wp-json\/wp\/v2\/media\/10312"}],"wp:attachment":[{"href":"https:\/\/www.idisantiago.es\/gl\/wp-json\/wp\/v2\/media?parent=19277"}],"wp:term":[{"taxonomy":"project_category","embeddable":true,"href":"https:\/\/www.idisantiago.es\/gl\/wp-json\/wp\/v2\/project_category?post=19277"},{"taxonomy":"project_tag","embeddable":true,"href":"https:\/\/www.idisantiago.es\/gl\/wp-json\/wp\/v2\/project_tag?post=19277"}],"curies":[{"name":"wp","href":"https:\/\/api.w.org\/{rel}","templated":true}]}}

C011 &#8211; Patoloxía

<p>[et_pb_section fb_built=&#8221;1&#8243; _builder_version=&#8221;4.16&#8243; _module_preset=&#8221;default&#8221; custom_padding=&#8221;0px||||false|false&#8221; da_disable_devices=&#8221;off|off|off&#8221; global_colors_info=&#8221;{}&#8221; da_is_popup=&#8221;off&#8221; da_exit_intent=&#8221;off&#8221; da_has_close=&#8221;on&#8221; da_alt_close=&#8221;off&#8221; da_dark_close=&#8221;off&#8221; da_not_modal=&#8221;on&#8221; da_is_singular=&#8221;off&#8221; da_with_loader=&#8221;off&#8221; da_has_shadow=&#8221;on&#8221;][et_pb_row _builder_version=&#8221;4.16&#8243; _module_preset=&#8221;default&#8221; width=&#8221;100%&#8221; custom_padding=&#8221;0px||||false|false&#8221; locked=&#8221;on&#8221; collapsed=&#8221;on&#8221; global_colors_info=&#8221;{}&#8221;][et_pb_column type=&#8221;4_4&#8243; _builder_version=&#8221;4.16&#8243; _module_preset=&#8221;default&#8221; global_colors_info=&#8221;{}&#8221;][et_pb_text _builder_version=&#8221;4.16&#8243; _module_preset=&#8221;default&#8221; global_colors_info=&#8221;{}&#8221;]</p>
<p>ÁREA: <a href="https://www.idisantiago.es/areas-de-investigacion/a001-oncologia/">ONCOLOGÍA</a></p>
<p>[/et_pb_text][/et_pb_column][/et_pb_row][et_pb_row column_structure=&#8221;2_3,1_3&#8243; _builder_version=&#8221;4.16&#8243; _module_preset=&#8221;default&#8221; width=&#8221;100%&#8221; global_colors_info=&#8221;{}&#8221;][et_pb_column type=&#8221;2_3&#8243; _builder_version=&#8221;4.16&#8243; _module_preset=&#8221;default&#8221; global_colors_info=&#8221;{}&#8221;][et_pb_image src=&#8221;https://www.idisantiago.es/wp-content/uploads/2021/11/grupo_investigacion.jpg&#8221; title_text=&#8221;Corporate portrait of office workers and employees&#8221; disabled_on=&#8221;on|on|on&#8221; _builder_version=&#8221;4.16&#8243; _module_preset=&#8221;default&#8221; disabled=&#8221;on&#8221; global_colors_info=&#8221;{}&#8221;][/et_pb_image][et_pb_toggle title=&#8221;Obxectivos e liñas de investigación&#8221; admin_label=&#8221;Objetivos y líneas de investigación&#8221; _builder_version=&#8221;4.16&#8243; _module_preset=&#8221;default&#8221; body_font=&#8221;|300|||||||&#8221; global_colors_info=&#8221;{}&#8221;]</p>
<h3>Obxectivos</h3>
<p>O grupo de Patoloxía é un grupo traslacional, centrado no estudo dos mecanismos moleculares do cancro, que inclúe a patólogos do Servizo de Anatomía Patolóxica do Hospital Clínico Universitario e profesores de Ciencias Morfolóxicas e de Anatomía Patolóxica da Facultade de Medicina de Santiago, con especial interese nos mecanismos moleculares do cancro e o desenvolvemento de terapias específicas.</p>
<h3>Liñas de investigación</h3>
<p>O grupo de patoloxía tiroidea, emprega o modelo das neoplasias da glándula tiroidea humana para identificar dianas moleculares implicadas na etiopatoxénese do cancro humano con aplicacións potenciais para a diagnose precoz e o desenvolvemento de terapias específicas. Específicamente e a través de proxectos de investigación con financiación pública, investígase o desenvolvemento de tumores tiroideos de células foliculares e de tipo familiar relacionados coa mutación xerminal dos xenes APC e PTEN.</p>
<p>O grupo de patoloxía mamaria está centrado no estudo de biomarcadores predictivos de resposta a tratamentos personalizados (dianas terapéuticas), tales como HER2, HER2- low, PD-L1 e mutacións de PI3K.</p>
<p>O grupo de cancro de pulmón traballa na identificación e determinación de biomarcadores diagnósticos e predictivos de resposta, inicialmente de forma individualizada e nos últimos anos coa incorporación da tecnoloxía de secuenciación masiva (NGS). Implementamos a NGS mediante o desenvolvemento dun panel customizado composto por 46 xenes que permite analizar as dianas terapéuticas aprobadas, en ensaio clínico ou en vía de desenvolvemento para carcinomas de células non pequenas. Para o desenvolvemento e validación de dito panel contamos con financiación pública (Código 100, un plan de innovación sanitaria centrado no paciente promovido por ACIS).</p>
<p>O traballo do grupo de patoloxía hematolinfoide céntrase na identificación de marcadores moleculares pronósticos que permitan un axuste máis preciso da abordaxe terapéutica. Ademáis das técnicas inmunofenotípicas e moleculares tradicionais, estanse utilizando ferramentas bioinformáticas e de intelixencia artificial para establecer perfís precisos de risco.</p>
<p>&nbsp;</p>
<p>[/et_pb_toggle][et_pb_toggle title=&#8221;Equipo investigador&#8221; admin_label=&#8221;Equipo investigador&#8221; _builder_version=&#8221;4.21.0&#8243; _module_preset=&#8221;default&#8221; body_font=&#8221;|300|||||||&#8221; hover_enabled=&#8221;0&#8243; global_colors_info=&#8221;{}&#8221; sticky_enabled=&#8221;0&#8243;]</p>
<p><strong>Líder</strong><br />Antúnez López, José Ramón</p>
<p>&nbsp;</p>
<table style="width: 100%; border-collapse: collapse; border-style: hidden;" border="0">
<tbody>
<tr>
<td style="width: 50%;"><strong>Membros</strong><br />Abdulkader Nallib, Ihab<br />Bouso Montero, Marta<br />Cameselle-Teijeiro, José<br />Fraga Rodríguez, Máximo<br />Gándara Cortés, Marina<br />García-Caballero Parada, Tomás<br />Reuto Castillo, Jaime Orlando</p>
<p>&nbsp;</p>
<p>&nbsp;</p>
</td>
<td style="width: 50%;"> </td>
</tr>
</tbody>
</table>
<p>[/et_pb_toggle][et_pb_toggle title=&#8221;Proxectos&#8221; disabled_on=&#8221;off|off|off&#8221; admin_label=&#8221;Proyectos (cambiar só codigo IDIS)&#8221; _builder_version=&#8221;4.16&#8243; _module_preset=&#8221;default&#8221; body_font=&#8221;|300|||||||&#8221; locked=&#8221;off&#8221; global_colors_info=&#8221;{}&#8221;]</p>

<p>[/et_pb_toggle][et_pb_toggle title=&#8221;Publicacións&#8221; disabled_on=&#8221;on|on|on&#8221; admin_label=&#8221;Publicaciones&#8221; _builder_version=&#8221;4.16&#8243; _module_preset=&#8221;default&#8221; body_font=&#8221;|300|||||||&#8221; disabled=&#8221;on&#8221; global_colors_info=&#8221;{}&#8221;]</p>
<ul>
<li>Publicación 1</li>
<li>Publicación 2</li>
<li>Etc.</li>
</ul>
<p>[/et_pb_toggle][et_pb_toggle title=&#8221;Web do grupo&#8221; disabled_on=&#8221;on|on|on&#8221; admin_label=&#8221;Web del grupo&#8221; _builder_version=&#8221;4.16&#8243; _module_preset=&#8221;default&#8221; body_font=&#8221;|300|||||||&#8221; disabled=&#8221;on&#8221; global_colors_info=&#8221;{}&#8221;]</p>
<p>https://</p>
<p>[/et_pb_toggle][/et_pb_column][et_pb_column type=&#8221;1_3&#8243; _builder_version=&#8221;4.16&#8243; _module_preset=&#8221;default&#8221; global_colors_info=&#8221;{}&#8221;][et_pb_text admin_label=&#8221;Investigador/a líder&#8221; _builder_version=&#8221;4.16&#8243; _module_preset=&#8221;default&#8221; text_text_color=&#8221;#FFFFFF&#8221; header_text_color=&#8221;#FFFFFF&#8221; header_2_text_align=&#8221;left&#8221; header_2_text_color=&#8221;#FFFFFF&#8221; background_color=&#8221;#10294c&#8221; custom_margin=&#8221;0px||||false|false&#8221; custom_padding=&#8221;6px||0px|6px|false|false&#8221; locked=&#8221;on&#8221; global_colors_info=&#8221;{}&#8221;]</p>
<h2>Investigador líder</h2>
<p>[/et_pb_text][et_pb_text admin_label=&#8221;WP Team (cambiar só a ID pola do líder de equipo)&#8221; _builder_version=&#8221;4.16&#8243; _module_preset=&#8221;default&#8221; locked=&#8221;on&#8221; global_colors_info=&#8221;{}&#8221;]</p>
<div class="sp-wp-team-pro-wrapper wp-team-pro-preloader" >

<div id="sptp-10444" class="sp-team-pro sptp-section sptp-new_page pagination_normal sptp-even" >

	<div class="sp-team-pro-page-loading-image"></div>
	<div class="sptp-grid">
		<div class="sptp-row  ">
					<div class="sp-team-pro-item sptp-col-lg-1 sptp-col-md-1 sptp-col-sm-1 sptp-col-xs-1"
			 data-member="18952">
				<div class="sptp-member  border-bg-around-member sptp-square">
	<a class="sptp-member-avatar "  href=https://www.idisantiago.es/gl/team/jose-ramon-antunez-lopez/ target=_blank >
	<div class="sptp-member-avatar-img-area" data-id="18952">
		<div class="sptp-member-avatar-img sptp-square sptp-icon-on-image none ">
			<div class="sptp-overflow-h">
									<div class="sptp-icon text-center">
					<i class="fa fa-plus"></i>					</div>
								<img loading="lazy" decoding="async" class="sptp_default_img" srcset="https://www.idisantiago.es/wp-content/plugins/wp-team-pro/src/Frontend/img/Placeholder-Image.png" src="https://www.idisantiago.es/wp-content/plugins/wp-team-pro/src/Frontend/img/Placeholder-Image.png" alt="José Ramón Antúnez López" width="600" height="450">
							</div>
		</div>
	</div>
</a>
	<div class="sptp-member-name ">
		<h2>
					José Ramón Antúnez López				</h2>
	</div>
<div class="sptp-read-more-button">
	<a class="sptp-member-read-more-button" href="https://www.idisantiago.es/gl/team/jose-ramon-antunez-lopez/"> + INFO </a>
</div>
</div>
				</div>
				</div> <!-- end row -->
	</div> <!-- end grid -->
			</div>
</div>

<p>[/et_pb_text][/et_pb_column][/et_pb_row][/et_pb_section]</p>

<p>ÁREA: ONCOLOGÍAObxectivos O grupo de Patoloxía é un grupo traslacional, centrado no estudo dos mecanismos moleculares do cancro, que inclúe a patólogos do Servizo de Anatomía Patolóxica do Hospital Clínico [&hellip;]</p>
