{"id":15482,"date":"2022-03-03T14:22:16","date_gmt":"2022-03-03T13:22:16","guid":{"rendered":"https:\/\/www.idisantiago.es\/?post_type=tribe_events&#038;p=15482"},"modified":"2022-03-03T14:22:16","modified_gmt":"2022-03-03T13:22:16","slug":"mercores-idis-16-03-2022","status":"publish","type":"tribe_events","link":"https:\/\/www.idisantiago.es\/gl\/event\/mercores-idis-16-03-2022\/","title":{"rendered":"M\u00e9rcores IDIS (16\/03\/2022)"},"content":{"rendered":"<p><strong><span style=\"color: #000080;\">&#8220;Estudo do papel dos gl\u00f3bulos vermellos no cancro de mama metast\u00e1sico&#8221;<\/span><\/strong><\/p>\n<p>by <span style=\"color: #000080;\"><em>Celso Y\u00e1\u00f1ez G\u00f3mez<\/em><\/span><\/p>\n<p><strong><span style=\"color: #000080;\">&#8220;<\/span><span style=\"color: #000080;\">Searching biomarkers for response to vedolizumab treatment in patients with inflammatory bowel disease<\/span><span style=\"color: #000080;\">&#8220;<\/span><\/strong><\/p>\n<p>by <span style=\"color: #000080;\"><em>Laura Arosa Garc\u00eda<\/em><\/span><\/p>\n<p>&nbsp;<\/p>\n","protected":false},"excerpt":{"rendered":"<p>&#8220;Estudo do papel dos gl\u00f3bulos vermellos no cancro de mama metast\u00e1sico&#8221; by Celso Y\u00e1\u00f1ez G\u00f3mez &#8220;Searching biomarkers for response to vedolizumab treatment in patients with inflammatory bowel disease&#8221; by Laura [&hellip;]<\/p>\n","protected":false},"author":15,"featured_media":15487,"template":"","meta":{"_et_pb_use_builder":"on","_et_pb_old_content":"<p><strong><span style=\"color: #000080;\">\"Estudo do papel dos gl\u00f3bulos vermellos no cancro de mama metast\u00e1sico\"<\/span><\/strong><\/p><p>by <span style=\"color: #000080;\"><em>Celso Y\u00e1\u00f1ez G\u00f3mez<\/em><\/span><\/p><p><strong><span style=\"color: #000080;\">\"<\/span><span style=\"color: #000080;\">Searching biomarkers for response to vedolizumab treatment in patients with inflammatory bowel disease<\/span><span style=\"color: #000080;\">\"<\/span><\/strong><\/p><p>by <span style=\"color: #000080;\"><em>Laura Arosa Garc\u00eda<\/em><\/span><\/p><p>\u00a0<\/p>","_et_gb_content_width":"","inline_featured_image":false,"_tribe_events_status":"","_tribe_events_status_reason":"","footnotes":""},"tags":[],"tribe_events_cat":[537],"class_list":["post-15482","tribe_events","type-tribe_events","status-publish","has-post-thumbnail","hentry","tribe_events_cat-mercores-idis","cat_mercores-idis"],"publishpress_future_workflow_manual_trigger":{"enabledWorkflows":[]},"_links":{"self":[{"href":"https:\/\/www.idisantiago.es\/gl\/wp-json\/wp\/v2\/tribe_events\/15482","targetHints":{"allow":["GET"]}}],"collection":[{"href":"https:\/\/www.idisantiago.es\/gl\/wp-json\/wp\/v2\/tribe_events"}],"about":[{"href":"https:\/\/www.idisantiago.es\/gl\/wp-json\/wp\/v2\/types\/tribe_events"}],"author":[{"embeddable":true,"href":"https:\/\/www.idisantiago.es\/gl\/wp-json\/wp\/v2\/users\/15"}],"version-history":[{"count":3,"href":"https:\/\/www.idisantiago.es\/gl\/wp-json\/wp\/v2\/tribe_events\/15482\/revisions"}],"predecessor-version":[{"id":15516,"href":"https:\/\/www.idisantiago.es\/gl\/wp-json\/wp\/v2\/tribe_events\/15482\/revisions\/15516"}],"wp:featuredmedia":[{"embeddable":true,"href":"https:\/\/www.idisantiago.es\/gl\/wp-json\/wp\/v2\/media\/15487"}],"wp:attachment":[{"href":"https:\/\/www.idisantiago.es\/gl\/wp-json\/wp\/v2\/media?parent=15482"}],"wp:term":[{"taxonomy":"post_tag","embeddable":true,"href":"https:\/\/www.idisantiago.es\/gl\/wp-json\/wp\/v2\/tags?post=15482"},{"taxonomy":"tribe_events_cat","embeddable":true,"href":"https:\/\/www.idisantiago.es\/gl\/wp-json\/wp\/v2\/tribe_events_cat?post=15482"}],"curies":[{"name":"wp","href":"https:\/\/api.w.org\/{rel}","templated":true}]}}

Mércores IDIS (16/03/2022)

<p><strong><span style="color: #000080;">&#8220;Estudo do papel dos glóbulos vermellos no cancro de mama metastásico&#8221;</span></strong></p>
<p>by <span style="color: #000080;"><em>Celso Yáñez Gómez</em></span></p>
<p><strong><span style="color: #000080;">&#8220;</span><span style="color: #000080;">Searching biomarkers for response to vedolizumab treatment in patients with inflammatory bowel disease</span><span style="color: #000080;">&#8220;</span></strong></p>
<p>by <span style="color: #000080;"><em>Laura Arosa García</em></span></p>
<p>&nbsp;</p>

<p>&#8220;Estudo do papel dos glóbulos vermellos no cancro de mama metastásico&#8221; by Celso Yáñez Gómez &#8220;Searching biomarkers for response to vedolizumab treatment in patients with inflammatory bowel disease&#8221; by Laura [&hellip;]</p>

<p><strong><span style="color: #000080;">"Estudo do papel dos glóbulos vermellos no cancro de mama metastásico"</span></strong></p><p>by <span style="color: #000080;"><em>Celso Yáñez Gómez</em></span></p><p><strong><span style="color: #000080;">"</span><span style="color: #000080;">Searching biomarkers for response to vedolizumab treatment in patients with inflammatory bowel disease</span><span style="color: #000080;">"</span></strong></p><p>by <span style="color: #000080;"><em>Laura Arosa García</em></span></p><p> </p>
