{"id":26620,"date":"2023-01-17T10:34:33","date_gmt":"2023-01-17T09:34:33","guid":{"rendered":"https:\/\/www.idisantiago.es\/event\/as-teses-do-idis-new-molecular-mechanisms-and-novel-biomarkers-associated-with-extracellular-vesicles-in-polycystic-kidney-disease-from-preclinical-models-to-patientss\/"},"modified":"2023-01-17T10:36:11","modified_gmt":"2023-01-17T09:36:11","slug":"as-teses-do-idis-new-molecular-mechanisms-and-novel-biomarkers-associated-with-extracellular-vesicles-in-polycystic-kidney-disease-from-preclinical-models-to-patientss","status":"publish","type":"tribe_events","link":"https:\/\/www.idisantiago.es\/gl\/event\/as-teses-do-idis-new-molecular-mechanisms-and-novel-biomarkers-associated-with-extracellular-vesicles-in-polycystic-kidney-disease-from-preclinical-models-to-patientss\/","title":{"rendered":"As Teses do IDIS: New molecular mechanisms and novel biomarkers associated with Extracellular Vesicles in Polycystic Kidney Disease: from preclinical models to patientss"},"content":{"rendered":"<p>A investigadora Marta Vizoso Gonz\u00e1lez presentar\u00e1 a s\u00faa tese o pr\u00f3ximo 18 de xaneiro, \u00e1s 12 horas, na Sala de Teatro, CIMUS, de mestura. O traballo, &#8216;New molecular mechanisms and novel biomarkers associated with Extracellular Vesicles in Polycystic Kidney Disease: from preclinical models to patientss&#8217;, est\u00e1 dirixido polos investigadores do IDIS: Alejandro S\u00e1nchez Barreiro e Miguel Garc\u00eda Gonz\u00e1lez. Podes seguir a defensa a trav\u00e9s da seguinte <a href=\"https:\/\/www.usc.gal\/gl\/centro\/escola-doutoramento-internacional-usc\/defensa-teses\">ligaz\u00f3n<\/a><\/p>\n","protected":false},"excerpt":{"rendered":"<p>A investigadora Marta Vizoso Gonz\u00e1lez presentar\u00e1 a s\u00faa tese o 18 de xaneiro de 2023, \u00e1s 12h no CIMUS<\/p>\n","protected":false},"author":12,"featured_media":0,"template":"","meta":{"_et_pb_use_builder":"","_et_pb_old_content":"","_et_gb_content_width":"","inline_featured_image":false,"_tribe_events_status":"","_tribe_events_status_reason":"","footnotes":""},"tags":[687,688,689],"tribe_events_cat":[538],"class_list":["post-26620","tribe_events","type-tribe_events","status-publish","hentry","tag-investigacion-gl","tag-teses","tag-tesesidis","tribe_events_cat-general-gl","cat_general-gl"],"publishpress_future_workflow_manual_trigger":{"enabledWorkflows":[]},"_links":{"self":[{"href":"https:\/\/www.idisantiago.es\/gl\/wp-json\/wp\/v2\/tribe_events\/26620","targetHints":{"allow":["GET"]}}],"collection":[{"href":"https:\/\/www.idisantiago.es\/gl\/wp-json\/wp\/v2\/tribe_events"}],"about":[{"href":"https:\/\/www.idisantiago.es\/gl\/wp-json\/wp\/v2\/types\/tribe_events"}],"author":[{"embeddable":true,"href":"https:\/\/www.idisantiago.es\/gl\/wp-json\/wp\/v2\/users\/12"}],"version-history":[{"count":1,"href":"https:\/\/www.idisantiago.es\/gl\/wp-json\/wp\/v2\/tribe_events\/26620\/revisions"}],"predecessor-version":[{"id":26622,"href":"https:\/\/www.idisantiago.es\/gl\/wp-json\/wp\/v2\/tribe_events\/26620\/revisions\/26622"}],"wp:attachment":[{"href":"https:\/\/www.idisantiago.es\/gl\/wp-json\/wp\/v2\/media?parent=26620"}],"wp:term":[{"taxonomy":"post_tag","embeddable":true,"href":"https:\/\/www.idisantiago.es\/gl\/wp-json\/wp\/v2\/tags?post=26620"},{"taxonomy":"tribe_events_cat","embeddable":true,"href":"https:\/\/www.idisantiago.es\/gl\/wp-json\/wp\/v2\/tribe_events_cat?post=26620"}],"curies":[{"name":"wp","href":"https:\/\/api.w.org\/{rel}","templated":true}]}}

<p>A investigadora Marta Vizoso González presentará a súa tese o próximo 18 de xaneiro, ás 12 horas, na Sala de Teatro, CIMUS, de mestura. O traballo, &#8216;New molecular mechanisms and novel biomarkers associated with Extracellular Vesicles in Polycystic Kidney Disease: from preclinical models to patientss&#8217;, está dirixido polos investigadores do IDIS: Alejandro Sánchez Barreiro e Miguel García González. Podes seguir a defensa a través da seguinte <a href="https://www.usc.gal/gl/centro/escola-doutoramento-internacional-usc/defensa-teses">ligazón</a></p>

<p>A investigadora Marta Vizoso González presentará a súa tese o 18 de xaneiro de 2023, ás 12h no CIMUS</p>
