{"id":33992,"date":"2024-05-07T15:11:45","date_gmt":"2024-05-07T13:11:45","guid":{"rendered":"https:\/\/www.idisantiago.es\/?post_type=tribe_events&#038;p=33992"},"modified":"2024-05-07T15:11:45","modified_gmt":"2024-05-07T13:11:45","slug":"xornada-informativa-simoa-introduccion-e-aplicacions-da-tecnoloxia-2","status":"publish","type":"tribe_events","link":"https:\/\/www.idisantiago.es\/gl\/event\/xornada-informativa-simoa-introduccion-e-aplicacions-da-tecnoloxia-2\/","title":{"rendered":"XORNADA INFORMATIVA Simoa \u2013 Introducci\u00f3n e aplicaci\u00f3ns da tecnolox\u00eda"},"content":{"rendered":"<p><strong>15 de maio de 2024 &#8211; <b>17:00 h &#8211; 20<\/b><b>:00 h.<\/b><\/strong><\/p>\n<p><b>Aula 10, Planta 1. Pabill\u00f3n Docente N\u00f3voa Santos<\/b><\/p>\n<p><u>Modera<\/u>: Dr. JM Prieto Gonz\u00e1lez<\/p>\n<p>17.00-17.30. Aplicaci\u00f3n do SIMOA en Neurolox\u00eda<br \/>\nDr. Roberto Agis Balboa. Instituto de Investigaci\u00f3n Sanitaria de Santiago<\/p>\n<p>17.45-18.15. Neurofilamentos da EM<br \/>\nDr. Jos\u00e9 M\u00aa Prieto. Complexo Hospitalario Universitario de Santiago<\/p>\n<p>18.30-19.00. GFAP na EM<br \/>\nDr. Jos\u00e9 M\u00aa Prieto. Complexo Hospitalario Universitario de Santiago<\/p>\n<p>19.15-19.30. DISCUSI\u00d3N<\/p>\n<p>19.30. Conclusiones e cierre<br \/>\nDr. Jos\u00e9 M\u00aa Prieto Gonz\u00e1lez. Complexo Hospitalario Universitario de Santiago<\/p>\n<p><strong>Consulta o cartel da xornada <a href=\"https:\/\/us06web.zoom.us\/j\/83015540969?pwd=9tRmXoCuk295E8pNatOsmetjL9MqH5.1\"><span style=\"color: #808000;\">aqu\u00ed.<\/span><\/a><\/strong><\/p>\n<p><strong>Podes seguila de forma online <a href=\"https:\/\/us06web.zoom.us\/j\/85926875407?pwd=waakkqAwsLJLshWu8o5nucSXVczW2z.1\"><span style=\"color: #808000;\">aqu\u00ed.<\/span><\/a><\/strong><\/p>\n","protected":false},"excerpt":{"rendered":"<p>15 de maio de 2024 &#8211; 17:00 h &#8211; 20:00 h. Aula 10, Planta 1. Pabill\u00f3n Docente N\u00f3voa Santos Modera: Dr. JM Prieto Gonz\u00e1lez 17.00-17.30. Aplicaci\u00f3n do SIMOA en Neurolox\u00eda [&hellip;]<\/p>\n","protected":false},"author":12,"featured_media":33987,"template":"","meta":{"_et_pb_use_builder":"","_et_pb_old_content":"","_et_gb_content_width":"","inline_featured_image":false,"_tribe_events_status":"","_tribe_events_status_reason":"","footnotes":""},"tags":[],"tribe_events_cat":[540],"class_list":["post-33992","tribe_events","type-tribe_events","status-publish","has-post-thumbnail","hentry","tribe_events_cat-formacion-gl","cat_formacion-gl"],"publishpress_future_workflow_manual_trigger":{"enabledWorkflows":[]},"_links":{"self":[{"href":"https:\/\/www.idisantiago.es\/gl\/wp-json\/wp\/v2\/tribe_events\/33992","targetHints":{"allow":["GET"]}}],"collection":[{"href":"https:\/\/www.idisantiago.es\/gl\/wp-json\/wp\/v2\/tribe_events"}],"about":[{"href":"https:\/\/www.idisantiago.es\/gl\/wp-json\/wp\/v2\/types\/tribe_events"}],"author":[{"embeddable":true,"href":"https:\/\/www.idisantiago.es\/gl\/wp-json\/wp\/v2\/users\/12"}],"version-history":[{"count":1,"href":"https:\/\/www.idisantiago.es\/gl\/wp-json\/wp\/v2\/tribe_events\/33992\/revisions"}],"predecessor-version":[{"id":33995,"href":"https:\/\/www.idisantiago.es\/gl\/wp-json\/wp\/v2\/tribe_events\/33992\/revisions\/33995"}],"wp:featuredmedia":[{"embeddable":true,"href":"https:\/\/www.idisantiago.es\/gl\/wp-json\/wp\/v2\/media\/33987"}],"wp:attachment":[{"href":"https:\/\/www.idisantiago.es\/gl\/wp-json\/wp\/v2\/media?parent=33992"}],"wp:term":[{"taxonomy":"post_tag","embeddable":true,"href":"https:\/\/www.idisantiago.es\/gl\/wp-json\/wp\/v2\/tags?post=33992"},{"taxonomy":"tribe_events_cat","embeddable":true,"href":"https:\/\/www.idisantiago.es\/gl\/wp-json\/wp\/v2\/tribe_events_cat?post=33992"}],"curies":[{"name":"wp","href":"https:\/\/api.w.org\/{rel}","templated":true}]}}

XORNADA INFORMATIVA Simoa – Introducción e aplicacións da tecnoloxía

<p><strong>15 de maio de 2024 &#8211; <b>17:00 h &#8211; 20</b><b>:00 h.</b></strong></p>
<p><b>Aula 10, Planta 1. Pabillón Docente Nóvoa Santos</b></p>
<p><u>Modera</u>: Dr. JM Prieto González</p>
<p>17.00-17.30. Aplicación do SIMOA en Neuroloxía<br />
Dr. Roberto Agis Balboa. Instituto de Investigación Sanitaria de Santiago</p>
<p>17.45-18.15. Neurofilamentos da EM<br />
Dr. José Mª Prieto. Complexo Hospitalario Universitario de Santiago</p>
<p>18.30-19.00. GFAP na EM<br />
Dr. José Mª Prieto. Complexo Hospitalario Universitario de Santiago</p>
<p>19.15-19.30. DISCUSIÓN</p>
<p>19.30. Conclusiones e cierre<br />
Dr. José Mª Prieto González. Complexo Hospitalario Universitario de Santiago</p>
<p><strong>Consulta o cartel da xornada <a href="https://us06web.zoom.us/j/83015540969?pwd=9tRmXoCuk295E8pNatOsmetjL9MqH5.1"><span style="color: #808000;">aquí.</span></a></strong></p>
<p><strong>Podes seguila de forma online <a href="https://us06web.zoom.us/j/85926875407?pwd=waakkqAwsLJLshWu8o5nucSXVczW2z.1"><span style="color: #808000;">aquí.</span></a></strong></p>

<p>15 de maio de 2024 &#8211; 17:00 h &#8211; 20:00 h. Aula 10, Planta 1. Pabillón Docente Nóvoa Santos Modera: Dr. JM Prieto González 17.00-17.30. Aplicación do SIMOA en Neuroloxía [&hellip;]</p>
