{"id":36630,"date":"2024-10-08T16:35:29","date_gmt":"2024-10-08T14:35:29","guid":{"rendered":"https:\/\/www.idisantiago.es\/?post_type=tribe_events&#038;p=36630"},"modified":"2024-10-08T16:35:29","modified_gmt":"2024-10-08T14:35:29","slug":"xi-curso-de-formacion-sobre-infeccion-por-vih","status":"publish","type":"tribe_events","link":"https:\/\/www.idisantiago.es\/gl\/event\/xi-curso-de-formacion-sobre-infeccion-por-vih\/","title":{"rendered":"XI Curso de formaci\u00f3n sobre infecci\u00f3n por VIH"},"content":{"rendered":"<p>A Fundaci\u00f3n P\u00fablica Galega Instituto de Investigaci\u00f3n Sanitaria de Santiago de Compostela (FIDIS) organiza a XI edici\u00f3n do \u201cCurso de Formaci\u00f3n sobre Infecci\u00f3n por VIH\u201d que tendr\u00e1 lugar os pr\u00f3ximos 22 e 23 de novembro de 2024 no Hotel Peregrino de Santiago de Compostela.<\/p>\n<p>Podes consultar o programa <a href=\"https:\/\/www.idisantiago.es\/wp-content\/uploads\/2022\/10\/XI-Curso-de-formacion-sobre-infeccion-por-VIH_2024_programa_definitivo.pdf\"><span style=\"color: #808000;\"><strong>aqu\u00ed<\/strong><\/span><\/a>.<\/p>\n","protected":false},"excerpt":{"rendered":"<p>A Fundaci\u00f3n P\u00fablica Galega Instituto de Investigaci\u00f3n Sanitaria de Santiago de Compostela (FIDIS) organiza a XI edici\u00f3n do \u201cCurso de Formaci\u00f3n sobre Infecci\u00f3n por VIH\u201d que tendr\u00e1 lugar os pr\u00f3ximos [&hellip;]<\/p>\n","protected":false},"author":6,"featured_media":36624,"template":"","meta":{"_et_pb_use_builder":"","_et_pb_old_content":"","_et_gb_content_width":"","inline_featured_image":false,"_tribe_events_status":"","_tribe_events_status_reason":"","footnotes":""},"tags":[],"tribe_events_cat":[538,540],"class_list":["post-36630","tribe_events","type-tribe_events","status-publish","has-post-thumbnail","hentry","tribe_events_cat-general-gl","tribe_events_cat-formacion-gl","cat_general-gl","cat_formacion-gl"],"publishpress_future_workflow_manual_trigger":{"enabledWorkflows":[]},"_links":{"self":[{"href":"https:\/\/www.idisantiago.es\/gl\/wp-json\/wp\/v2\/tribe_events\/36630","targetHints":{"allow":["GET"]}}],"collection":[{"href":"https:\/\/www.idisantiago.es\/gl\/wp-json\/wp\/v2\/tribe_events"}],"about":[{"href":"https:\/\/www.idisantiago.es\/gl\/wp-json\/wp\/v2\/types\/tribe_events"}],"author":[{"embeddable":true,"href":"https:\/\/www.idisantiago.es\/gl\/wp-json\/wp\/v2\/users\/6"}],"version-history":[{"count":1,"href":"https:\/\/www.idisantiago.es\/gl\/wp-json\/wp\/v2\/tribe_events\/36630\/revisions"}],"predecessor-version":[{"id":36631,"href":"https:\/\/www.idisantiago.es\/gl\/wp-json\/wp\/v2\/tribe_events\/36630\/revisions\/36631"}],"wp:featuredmedia":[{"embeddable":true,"href":"https:\/\/www.idisantiago.es\/gl\/wp-json\/wp\/v2\/media\/36624"}],"wp:attachment":[{"href":"https:\/\/www.idisantiago.es\/gl\/wp-json\/wp\/v2\/media?parent=36630"}],"wp:term":[{"taxonomy":"post_tag","embeddable":true,"href":"https:\/\/www.idisantiago.es\/gl\/wp-json\/wp\/v2\/tags?post=36630"},{"taxonomy":"tribe_events_cat","embeddable":true,"href":"https:\/\/www.idisantiago.es\/gl\/wp-json\/wp\/v2\/tribe_events_cat?post=36630"}],"curies":[{"name":"wp","href":"https:\/\/api.w.org\/{rel}","templated":true}]}}

XI Curso de formación sobre infección por VIH

<p>A Fundación Pública Galega Instituto de Investigación Sanitaria de Santiago de Compostela (FIDIS) organiza a XI edición do “Curso de Formación sobre Infección por VIH” que tendrá lugar os próximos 22 e 23 de novembro de 2024 no Hotel Peregrino de Santiago de Compostela.</p>
<p>Podes consultar o programa <a href="https://www.idisantiago.es/wp-content/uploads/2022/10/XI-Curso-de-formacion-sobre-infeccion-por-VIH_2024_programa_definitivo.pdf"><span style="color: #808000;"><strong>aquí</strong></span></a>.</p>

<p>A Fundación Pública Galega Instituto de Investigación Sanitaria de Santiago de Compostela (FIDIS) organiza a XI edición do “Curso de Formación sobre Infección por VIH” que tendrá lugar os próximos [&hellip;]</p>
