{"id":38251,"date":"2025-01-27T14:14:09","date_gmt":"2025-01-27T13:14:09","guid":{"rendered":"https:\/\/www.idisantiago.es\/?post_type=tribe_events&#038;p=38251"},"modified":"2025-01-27T14:14:09","modified_gmt":"2025-01-27T13:14:09","slug":"i-reunion-multidisciplinar-en-infeccion-osteoarticular","status":"publish","type":"tribe_events","link":"https:\/\/www.idisantiago.es\/gl\/event\/i-reunion-multidisciplinar-en-infeccion-osteoarticular\/","title":{"rendered":"I Reuni\u00f3n multidisciplinar en infecci\u00f3n osteoarticular"},"content":{"rendered":"<p>La Fundaci\u00f3n P\u00fablica Galega Instituto de Investigaci\u00f3n Sanitaria de Santiago de Compostela (FIDIS) y el SERGAS presentan la 1a Reuni\u00f3n Multidisciplinar en Infecci\u00f3n Osteoarticular que tendr\u00e1 lugar los pr\u00f3ximos 21 y 22 de febrero de 2025 en el sal\u00f3n de actos del Hospital Lucus Augusti.<\/p>\n<p>Para consultar el programa e inscribirse, pincha <a href=\"https:\/\/www.idisantiago.es\/wp-content\/uploads\/2025\/01\/PROGRAMA_I-Reunion-Multidisciplinar-Infeccion-Osteoarticular-LUGO-V8.pdf\"><span style=\"color: #808000;\"><strong>aqu\u00ed.<\/strong><\/span><\/a><\/p>\n","protected":false},"excerpt":{"rendered":"<p>La Fundaci\u00f3n P\u00fablica Galega Instituto de Investigaci\u00f3n Sanitaria de Santiago de Compostela (FIDIS) y el SERGAS presentan la 1a Reuni\u00f3n Multidisciplinar en Infecci\u00f3n Osteoarticular que tendr\u00e1 lugar los pr\u00f3ximos 21 [&hellip;]<\/p>\n","protected":false},"author":14,"featured_media":38245,"template":"","meta":{"_et_pb_use_builder":"","_et_pb_old_content":"","_et_gb_content_width":"","inline_featured_image":false,"_tribe_events_status":"","_tribe_events_status_reason":"","footnotes":""},"tags":[],"tribe_events_cat":[495],"class_list":["post-38251","tribe_events","type-tribe_events","status-publish","has-post-thumbnail","hentry","tribe_events_cat-formacion","cat_formacion"],"publishpress_future_workflow_manual_trigger":{"enabledWorkflows":[]},"_links":{"self":[{"href":"https:\/\/www.idisantiago.es\/gl\/wp-json\/wp\/v2\/tribe_events\/38251","targetHints":{"allow":["GET"]}}],"collection":[{"href":"https:\/\/www.idisantiago.es\/gl\/wp-json\/wp\/v2\/tribe_events"}],"about":[{"href":"https:\/\/www.idisantiago.es\/gl\/wp-json\/wp\/v2\/types\/tribe_events"}],"author":[{"embeddable":true,"href":"https:\/\/www.idisantiago.es\/gl\/wp-json\/wp\/v2\/users\/14"}],"version-history":[{"count":1,"href":"https:\/\/www.idisantiago.es\/gl\/wp-json\/wp\/v2\/tribe_events\/38251\/revisions"}],"predecessor-version":[{"id":38252,"href":"https:\/\/www.idisantiago.es\/gl\/wp-json\/wp\/v2\/tribe_events\/38251\/revisions\/38252"}],"wp:featuredmedia":[{"embeddable":true,"href":"https:\/\/www.idisantiago.es\/gl\/wp-json\/wp\/v2\/media\/38245"}],"wp:attachment":[{"href":"https:\/\/www.idisantiago.es\/gl\/wp-json\/wp\/v2\/media?parent=38251"}],"wp:term":[{"taxonomy":"post_tag","embeddable":true,"href":"https:\/\/www.idisantiago.es\/gl\/wp-json\/wp\/v2\/tags?post=38251"},{"taxonomy":"tribe_events_cat","embeddable":true,"href":"https:\/\/www.idisantiago.es\/gl\/wp-json\/wp\/v2\/tribe_events_cat?post=38251"}],"curies":[{"name":"wp","href":"https:\/\/api.w.org\/{rel}","templated":true}]}}

I Reunión multidisciplinar en infección osteoarticular

<p>La Fundación Pública Galega Instituto de Investigación Sanitaria de Santiago de Compostela (FIDIS) y el SERGAS presentan la 1a Reunión Multidisciplinar en Infección Osteoarticular que tendrá lugar los próximos 21 y 22 de febrero de 2025 en el salón de actos del Hospital Lucus Augusti.</p>
<p>Para consultar el programa e inscribirse, pincha <a href="https://www.idisantiago.es/wp-content/uploads/2025/01/PROGRAMA_I-Reunion-Multidisciplinar-Infeccion-Osteoarticular-LUGO-V8.pdf"><span style="color: #808000;"><strong>aquí.</strong></span></a></p>

<p>La Fundación Pública Galega Instituto de Investigación Sanitaria de Santiago de Compostela (FIDIS) y el SERGAS presentan la 1a Reunión Multidisciplinar en Infección Osteoarticular que tendrá lugar los próximos 21 [&hellip;]</p>
