{"id":49473,"date":"2026-09-02T13:57:18","date_gmt":"2026-09-02T11:57:18","guid":{"rendered":"https:\/\/www.idisantiago.es\/?post_type=tribe_events&#038;p=49473"},"modified":"2026-09-02T13:57:18","modified_gmt":"2026-09-02T11:57:18","slug":"idis-talks-29-09-2026","status":"publish","type":"tribe_events","link":"https:\/\/www.idisantiago.es\/gl\/event\/idis-talks-29-09-2026\/","title":{"rendered":"IDIS Talks (29\/09\/2026)"},"content":{"rendered":"<p>O martes, 29 de setembro, no <strong>Sal\u00f3n de actos 1 do Hospital Cl\u00ednico<\/strong>, cel\u00e9brase o d\u00e9cimo seminario IDIS Talks, da man de:<\/p>\n<p><span style=\"color: #003366;\"><strong>Alba P\u00e9rez Gonz\u00e1lez<\/strong><\/span><\/p>\n<p><strong><span style=\"color: #003366;\"><em>Investigadora do grupo E051 &#8211; Patolox\u00eda M\u00e9dico-Quir\u00farxica Oral e Maxilofacial (ORALRES)<\/em><\/span><\/strong><\/p>\n<p>Descarga o programa da xornada <a href=\"https:\/\/www.idisantiago.es\/wp-content\/uploads\/2026\/09\/IDISTalks2026.09.29.E051.png\" data-lbwps-width=\"1280\" data-lbwps-height=\"720\" data-lbwps-srcsmall=\"https:\/\/www.idisantiago.es\/wp-content\/uploads\/2026\/09\/IDISTalks2026.09.29.E051-300x169.png\"><strong>aqu\u00ed<\/strong><\/a><\/p>\n","protected":false},"excerpt":{"rendered":"<p>O martes, 29 de setembro, no Sal\u00f3n de actos 1 do Hospital Cl\u00ednico, cel\u00e9brase o d\u00e9cimo seminario IDIS Talks, da man de: Alba P\u00e9rez Gonz\u00e1lez Investigadora do grupo E051 &#8211; [&hellip;]<\/p>\n","protected":false},"author":6,"featured_media":49476,"template":"","meta":{"_et_pb_use_builder":"","_et_pb_old_content":"","_et_gb_content_width":"","inline_featured_image":false,"_tribe_events_status":"","_tribe_events_status_reason":"","footnotes":""},"tags":[],"tribe_events_cat":[903],"class_list":["post-49473","tribe_events","type-tribe_events","status-publish","has-post-thumbnail","hentry","tribe_events_cat-idis-talks","cat_idis-talks"],"publishpress_future_workflow_manual_trigger":{"enabledWorkflows":[]},"_links":{"self":[{"href":"https:\/\/www.idisantiago.es\/gl\/wp-json\/wp\/v2\/tribe_events\/49473","targetHints":{"allow":["GET"]}}],"collection":[{"href":"https:\/\/www.idisantiago.es\/gl\/wp-json\/wp\/v2\/tribe_events"}],"about":[{"href":"https:\/\/www.idisantiago.es\/gl\/wp-json\/wp\/v2\/types\/tribe_events"}],"author":[{"embeddable":true,"href":"https:\/\/www.idisantiago.es\/gl\/wp-json\/wp\/v2\/users\/6"}],"version-history":[{"count":1,"href":"https:\/\/www.idisantiago.es\/gl\/wp-json\/wp\/v2\/tribe_events\/49473\/revisions"}],"predecessor-version":[{"id":49483,"href":"https:\/\/www.idisantiago.es\/gl\/wp-json\/wp\/v2\/tribe_events\/49473\/revisions\/49483"}],"wp:featuredmedia":[{"embeddable":true,"href":"https:\/\/www.idisantiago.es\/gl\/wp-json\/wp\/v2\/media\/49476"}],"wp:attachment":[{"href":"https:\/\/www.idisantiago.es\/gl\/wp-json\/wp\/v2\/media?parent=49473"}],"wp:term":[{"taxonomy":"post_tag","embeddable":true,"href":"https:\/\/www.idisantiago.es\/gl\/wp-json\/wp\/v2\/tags?post=49473"},{"taxonomy":"tribe_events_cat","embeddable":true,"href":"https:\/\/www.idisantiago.es\/gl\/wp-json\/wp\/v2\/tribe_events_cat?post=49473"}],"curies":[{"name":"wp","href":"https:\/\/api.w.org\/{rel}","templated":true}]}}

<p>O martes, 29 de setembro, no <strong>Salón de actos 1 do Hospital Clínico</strong>, celébrase o décimo seminario IDIS Talks, da man de:</p>
<p><span style="color: #003366;"><strong>Alba Pérez González</strong></span></p>
<p><strong><span style="color: #003366;"><em>Investigadora do grupo E051 &#8211; Patoloxía Médico-Quirúrxica Oral e Maxilofacial (ORALRES)</em></span></strong></p>
<p>Descarga o programa da xornada <a href="https://www.idisantiago.es/wp-content/uploads/2026/09/IDISTalks2026.09.29.E051.png" data-lbwps-width="1280" data-lbwps-height="720" data-lbwps-srcsmall="https://www.idisantiago.es/wp-content/uploads/2026/09/IDISTalks2026.09.29.E051-300x169.png"><strong>aquí</strong></a></p>

<p>O martes, 29 de setembro, no Salón de actos 1 do Hospital Clínico, celébrase o décimo seminario IDIS Talks, da man de: Alba Pérez González Investigadora do grupo E051 &#8211; [&hellip;]</p>
